{"id":3529,"date":"2020-01-24T10:36:05","date_gmt":"2020-01-24T09:36:05","guid":{"rendered":"https:\/\/www.tempsdepause.ch\/solfar\/?post_type=product&#038;p=3529"},"modified":"2022-02-02T13:42:17","modified_gmt":"2022-02-02T12:42:17","slug":"votronic-lcd-battery-computer-s-avec-smart-shunt","status":"publish","type":"product","link":"https:\/\/www.tempsdepause.ch\/solfar\/produit\/votronic-lcd-battery-computer-s-avec-smart-shunt\/","title":{"rendered":"Votronic LCD Battery Computer S avec Smart-Shunt &#038; installation"},"content":{"rendered":"<p><img fetchpriority=\"high\" decoding=\"async\" class=\"alignleft size-medium wp-image-1299\" src=\"https:\/\/www.tempsdepause.ch\/solfar\/wp-content\/uploads\/2019\/10\/IMG_0353-261x500.jpg\" alt=\"\" width=\"261\" height=\"500\" srcset=\"https:\/\/www.tempsdepause.ch\/solfar\/wp-content\/uploads\/2019\/10\/IMG_0353-261x500.jpg 261w, https:\/\/www.tempsdepause.ch\/solfar\/wp-content\/uploads\/2019\/10\/IMG_0353.jpg 313w\" sizes=\"(max-width: 261px) 100vw, 261px\" \/>\u00a0Exemple d&rsquo;affichage sur le montant en dessus de la cuisinette.<\/p>\n<p>&nbsp;<\/p>\n<p>Sur l&rsquo;image:<\/p>\n<ul>\n<li>en haut c&rsquo;est la commande de l&rsquo;onduleur 300W<\/li>\n<li>au centre le LCD Solar Computer<\/li>\n<li>en bas le LCD battery Power<\/li>\n<\/ul>\n<p>&nbsp;<\/p>\n<p>&nbsp;<\/p>\n<p>&nbsp;<\/p>\n<p>&nbsp;<\/p>\n<p>&nbsp;<\/p>\n<p>&nbsp;<\/p>\n<p>&nbsp;<\/p>\n<p>&nbsp;<\/p>\n<h2>Ordinateur de batterie Votronic 100S (affichage \u00e0 distance LCD) avec shunt de mesure 100A<\/h2>\n<h4>Charge efficace de la batterie pour camping-cars, caravanes, bateaux et syst\u00e8mes solaires autonomes!<\/h4>\n<p>Quelle est la charge restante de ma batterie embarqu\u00e9e?\u00a0La batterie est-elle vraiment pleine?\u00a0Pourquoi l&rsquo;\u00e9nergie est-elle tir\u00e9e de la batterie alors que le consommateur est \u00e9teint?<\/p>\n<p>Le calculateur de batterie LCD VOTRONIC S r\u00e9pond \u00e0 ces questions au pourcentage (%) et \u00e0 l&rsquo;amp\u00e8re-heure (Ah).\u00a0Il fournit des informations compl\u00e8tes sur simple pression d&rsquo;un bouton sur l&rsquo;\u00e9tat de charge actuel de la batterie, les courants de la batterie et le niveau de tension de la batterie.<\/p>\n<p>L&rsquo;appareil est constamment avec? Sa batterie?\u00a0en contact et enregistre et \u00e9value ainsi toutes les actions de la batterie.\u00a0Tous les courants de charge et de d\u00e9charge sont compt\u00e9s m\u00e9ticuleusement, la taille de la batterie, l&rsquo;autod\u00e9charge, la charge de la batterie, etc. sont pris en compte \u00e0 l&rsquo;aide des champs caract\u00e9ristiques programm\u00e9s.\u00a0M\u00eame les plus petits courants de fuite sont enregistr\u00e9s et enregistr\u00e9s.\u00a0La capacit\u00e9 restante de la batterie est ensuite calcul\u00e9e \u00e0 partir des valeurs mesur\u00e9es et de la taille de la batterie.\u00a0Le r\u00e9sultat est l&rsquo;affichage correct de l&rsquo;\u00e9tat de charge (la capacit\u00e9 qui peut encore \u00eatre supprim\u00e9e, la charge restante) de la batterie embarqu\u00e9e sous forme de valeur num\u00e9rique en amp\u00e8res-heures (? Ah?) Et en pourcentage (?%?) Ainsi qu&rsquo;une barre de niveau de remplissage claire, comme une jauge de carburant.<\/p>\n<p>L&rsquo;ordinateur LCD \u00e0 batterie S convient \u00e0 tous les types de batteries (acide, gel, AGM, lithium r\u00e9glable) avec une tension de batterie de 12V et 24 V.\u00a0Bien s\u00fbr, la tension actuelle de la batterie (? V?) Et le courant actuel de la batterie (? A?) Sont \u00e9galement disponibles sur l&rsquo;\u00e9cran.\u00a0Les courants de d\u00e9charge (consommateurs) sont identifi\u00e9s par un signe moins.\u00a0Les courants de charge sont \u00e9galement indiqu\u00e9s par un symbole clairement lisible? Charge?\u00a0caract\u00e9ris\u00e9.\u00a0Ind\u00e9pendamment de cela, il existe une autre option d&rsquo;affichage pour la tension d&rsquo;une deuxi\u00e8me batterie, par exemple pour surveiller la batterie de d\u00e9marrage du v\u00e9hicule.<br \/>\nUn c\u00e2ble de connexion enfichable relie compl\u00e8tement l&rsquo;\u00e9cran \u00e0 une r\u00e9sistance de mesure de pr\u00e9cision robuste (shunt), qui est connect\u00e9e directement au p\u00f4le n\u00e9gatif de la batterie de bord et \u00e0 laquelle les tensions et les courants de la batterie sont enregistr\u00e9s.<\/p>\n<p><b>Les valeurs suivantes sont mesur\u00e9es:<\/b><\/p>\n<ul>\n<li>Tension de la batterie \u00e0 bord de la batterie<\/li>\n<li>Tension de d\u00e9marrage de la batterie<\/li>\n<li>Puissance de la batterie (charge = \u00ab\u00a0+\u00a0\u00bb; d\u00e9charge = \u00ab\u00a0-\u00ab\u00a0)<\/li>\n<li>Charge du consommateur<\/li>\n<li>Capacit\u00e9 de la batterie \u00ab\u00a0Ah\u00a0\u00bb (charge restante en amp\u00e8res-heures)<\/li>\n<li>Capacit\u00e9 de la batterie \u00ab\u00a0%\u00a0\u00bb (charge restante en pourcentage)<\/li>\n<li>Sortie de commutation (librement programmable)<\/li>\n<li>Affichage d&rsquo;avertissement clignotant en cas de sous-tension ou de surtension<\/li>\n<\/ul>\n<p>&nbsp;<\/p>\n","protected":false},"excerpt":{"rendered":"<h5>Ordinateur de batterie LCD Votronic 100S<\/h5>\n<ul>\n<li>\u00c9cran LCD<\/li>\n<li>Shunt intelligent<\/li>\n<li>C\u00e2ble de connexion de 5 m\u00e8tres<\/li>\n<li>Tension de la batterie \u00e0 bord de la batterie 7 \u00e0 32 V.<\/li>\n<li>Courant de la batterie (charge \/ d\u00e9charge) +\/- 0 \u00e0 max.\u00a0+\/- 1800 A<\/li>\n<li>Capacit\u00e9 de la batterie (Ah et%)<\/li>\n<li>Temps restant (h)<\/li>\n<li>Tension de la batterie 2e batterie (par exemple batterie de d\u00e9marrage), 7 \u00e0 32 V (volts)<\/li>\n<li>Sortie de commutation librement programmable et palpable (PNP, plus potentiel 12V \/ 24V, max 0,5 A)<\/li>\n<\/ul>\n<p>Dimensions (LxHxP): 80 x 85 x 24 mm.<\/p>\n<p>Encastrement (LxHxP): 65 x 70 x 22 mm.<\/p>\n<p>Prix comprend l&rsquo;installation sur T5 et T6 \u00a0Attention, pas possible sur T6.1 !<\/p>\n<p>&nbsp;<\/p>\n<p>&nbsp;<\/p>\n","protected":false},"featured_media":3534,"comment_status":"closed","ping_status":"closed","template":"","meta":[],"product_brand":[],"product_cat":[45],"product_tag":[],"class_list":{"0":"post-3529","1":"product","2":"type-product","3":"status-publish","4":"has-post-thumbnail","6":"product_cat-photovoltaique","8":"first","9":"onbackorder","10":"virtual","11":"purchasable","12":"product-type-simple"},"_links":{"self":[{"href":"https:\/\/www.tempsdepause.ch\/solfar\/wp-json\/wp\/v2\/product\/3529","targetHints":{"allow":["GET"]}}],"collection":[{"href":"https:\/\/www.tempsdepause.ch\/solfar\/wp-json\/wp\/v2\/product"}],"about":[{"href":"https:\/\/www.tempsdepause.ch\/solfar\/wp-json\/wp\/v2\/types\/product"}],"replies":[{"embeddable":true,"href":"https:\/\/www.tempsdepause.ch\/solfar\/wp-json\/wp\/v2\/comments?post=3529"}],"wp:featuredmedia":[{"embeddable":true,"href":"https:\/\/www.tempsdepause.ch\/solfar\/wp-json\/wp\/v2\/media\/3534"}],"wp:attachment":[{"href":"https:\/\/www.tempsdepause.ch\/solfar\/wp-json\/wp\/v2\/media?parent=3529"}],"wp:term":[{"taxonomy":"product_brand","embeddable":true,"href":"https:\/\/www.tempsdepause.ch\/solfar\/wp-json\/wp\/v2\/product_brand?post=3529"},{"taxonomy":"product_cat","embeddable":true,"href":"https:\/\/www.tempsdepause.ch\/solfar\/wp-json\/wp\/v2\/product_cat?post=3529"},{"taxonomy":"product_tag","embeddable":true,"href":"https:\/\/www.tempsdepause.ch\/solfar\/wp-json\/wp\/v2\/product_tag?post=3529"}],"curies":[{"name":"wp","href":"https:\/\/api.w.org\/{rel}","templated":true}]}}