{"id":24026,"date":"2024-11-11T21:20:48","date_gmt":"2024-11-11T20:20:48","guid":{"rendered":"https:\/\/www.tempsdepause.ch\/solfar\/?post_type=product&#038;p=24026"},"modified":"2025-01-21T22:01:29","modified_gmt":"2025-01-21T21:01:29","slug":"chargeur-230v-12v-votronic-installation-t5-t6-et-t6-1-beach-sans-prise-euro-exterieur","status":"publish","type":"product","link":"https:\/\/www.tempsdepause.ch\/solfar\/produit\/chargeur-230v-12v-votronic-installation-t5-t6-et-t6-1-beach-sans-prise-euro-exterieur\/","title":{"rendered":"Chargeur 230V-12V Votronic &#038; installation &#8211; T5 T6 et T6.1 Beach sans prise Euro ext\u00e9rieur"},"content":{"rendered":"<h1>Installation sur California Beach sans prise ext\u00e9rieur d&rsquo;origine<\/h1>\n<div>Le set comprend:<\/div>\n<ul>\n<li>Une rallonge de 5 m permettant le raccordement au r\u00e9seau \u00e9lectrique 230V<\/li>\n<li>Un disjoncteur 13A avec Fi de s\u00e9curit\u00e9 contre les courant de d\u00e9faut<\/li>\n<li>Une prise Type 13 triple install\u00e9e \u00e0 l&rsquo;arri\u00e8re du support de si\u00e8ge passager<\/li>\n<li>Un chargeur Votronic<\/li>\n<\/ul>\n<div class=\"content--title\">CHARGEUR DE BATTERIE VOTRONIC 3100 PB 1215 SMT 2B 12V 15A<\/div>\n<div class=\"product--description\">\n<p>L&rsquo;Automatic-Charger Pb 1215 SMT 2B de Votronic (MPN 3100) est un chargeur de batterie moderne pour une utilisation mobile. Il dispose de programmes de charge pour les batteries GEL, AGM, acides et au lithium modernes et est con\u00e7u pour une tension de batterie de 12 V. Le courant de charge \u00e0 la sortie principale est de 15A. En outre, il existe une sortie de charge secondaire pour la batterie de d\u00e9marrage, qui peut fournir un courant de charge suppl\u00e9mentaire de 2A. L&rsquo;appareil convient aux batteries d&rsquo;une capacit\u00e9 de 38Ah \u00e0 170Ah.<\/p>\n<p><strong>caract\u00e9ristiques importantes du chargeur de batterie Pb 1215 SMT 2B<\/strong><\/p>\n<ul>\n<li>charge de mani\u00e8re fiable les batteries GEL, AGM, Acid et LiFePO4<\/li>\n<\/ul>\n<ul>\n<li>Courant de charge 15A, courant de charge 2A \u00e0 la sortie de charge secondaire<\/li>\n<\/ul>\n<ul>\n<li>Options de charge : 1 batterie d&rsquo;alimentation et 1 batterie de d\u00e9marrage<\/li>\n<\/ul>\n<ul>\n<li>La tension de charge est exempte de pics et r\u00e9gul\u00e9e de mani\u00e8re \u00e0 exclure une surcharge des batteries.<\/li>\n<\/ul>\n<ul>\n<li>Fonctionnement continu enti\u00e8rement automatique : le chargeur peut \u00eatre connect\u00e9 en permanence \u00e0 la batterie et la maintient \u00e0 pleine charge. En cas de panne de r\u00e9seau, les batteries ne sont pas d\u00e9charg\u00e9es (s\u00e9paration par des interrupteurs de s\u00e9curit\u00e9).<\/li>\n<\/ul>\n<ul>\n<li>Lithium LiFePO4- Maintenance, Auto Wake Up, Phase de maintenance : activation automatique r\u00e9guli\u00e8re de l&rsquo;\u00e9quilibrage des cellules de la batterie tous les 10 jours pour assurer une charge compl\u00e8te de la batterie en permanence.<\/li>\n<\/ul>\n<ul>\n<li>R\u00e9g\u00e9n\u00e9ration de batterie au plomb pendant de longues dur\u00e9es de vie deux fois par semaine contre les strates d&rsquo;acides nocifs.<\/li>\n<\/ul>\n<ul>\n<li>Fonctionnement parall\u00e8le et tampon : avec une consommation simultan\u00e9e, la batterie est toujours charg\u00e9e ou conserv\u00e9e \u00e0 plein r\u00e9gime. L&rsquo;ajustement des temps de charge est calcul\u00e9 et surveill\u00e9 automatiquement par le chargeur.<\/li>\n<\/ul>\n<ul>\n<li>Charge sans surveillance : protection multiple contre les surcharges, la surchauffe, les surtensions, les courts-circuits, les inversions de polarit\u00e9, les mauvais comportements et les d\u00e9charges de la batterie par r\u00e9gulation \u00e9lectronique jusqu&rsquo;\u00e0 la s\u00e9paration compl\u00e8te du chargeur et de la batterie par des interrupteurs de s\u00e9curit\u00e9 int\u00e9gr\u00e9s.<\/li>\n<\/ul>\n<ul>\n<li>Connexion pour capteur de temp\u00e9rature de la batterie (accessoires capteur de temp\u00e9rature 825, num\u00e9ro d&rsquo;article 2001) : pour les batteries au plomb (acide, gel, AGM), la tension de charge est automatiquement adapt\u00e9e \u00e0 la temp\u00e9rature de la batterie, ce qui permet une meilleure charge compl\u00e8te de la batterie plus faible en cas de froid, \u00e0 des temp\u00e9ratures estivales, un gazage inutile de la batterie et donc une charge de la batterie sont \u00e9vit\u00e9s.<\/li>\n<\/ul>\n<ul>\n<li>Pour les batteries LiFePO4, le capteur de temp\u00e9rature de la batterie est n\u00e9cessaire pour la fonction : il sert \u00e0 la protection de la batterie \u00e0 des temp\u00e9ratures \u00e9lev\u00e9es et surtout basses inf\u00e9rieures \u00e0 0\u00b0C.<\/li>\n<\/ul>\n<ul>\n<li>Fonction Silent Run : mode de travail optimis\u00e9 pour le bruit en appuyant sur un bouton (fonctionnement de nuit).<\/li>\n<\/ul>\n<ul>\n<li>Fonction d&rsquo;alimentation : permet d&rsquo;approvisionnement des consommateurs sans batterie (par ex. B. Remplacement de la batterie).<\/li>\n<\/ul>\n<ul>\n<li>Compensation du c\u00e2ble de charge : les pertes de tension sur les c\u00e2bles de charge sont automatiquement r\u00e9gul\u00e9es.<\/li>\n<\/ul>\n<ul>\n<li>Filtre de r\u00e9seau de bord int\u00e9gr\u00e9 : fonctionnement parall\u00e8le sans probl\u00e8me avec des installations solaires, des g\u00e9n\u00e9rateurs d&rsquo;\u00e9nergie \u00e9olienne et d&rsquo;essence, des alternateurs, etc. sur une batterie.<\/li>\n<\/ul>\n<ul>\n<li>Aide \u00e0 la charge pour les batteries au plomb profond\u00e9ment d\u00e9charg\u00e9es : pr\u00e9chargement en douceur de la batterie (plomb-acide, gel, AME) jusqu&rsquo;\u00e0 8 V, puis assistance puissante de la batterie pour les consommateurs \u00e9ventuellement encore allum\u00e9s.<\/li>\n<\/ul>\n<ul>\n<li>S\u00e9paration des r\u00e9seaux en cas de panne de r\u00e9seau, de surchauffe, de mauvaise conduite (interrupteur de s\u00e9curit\u00e9 par sortie de charge).<\/li>\n<\/ul>\n<ul>\n<li>Sortie de charge secondaire s\u00e9par\u00e9e \u00ab S \u00bb pour la charge de support et d&rsquo;entretien de la batterie de d\u00e9marrage du v\u00e9hicule.<\/li>\n<\/ul>\n<p><strong>Vue d&rsquo;ensemble des programmes de charge du Pb 1215 SMT 2B<\/strong><br \/>\n<strong>\u00ab Gel \u00bb <\/strong>: programme de charge pour batteries de gel, courbe caract\u00e9ristique IU1oU2oU3 Adapt\u00e9 aux batteries gel\/dryfit scell\u00e9es et \u00e9tanches au gaz avec \u00e9lectrolyte fixe, qui n\u00e9cessitent g\u00e9n\u00e9ralement un niveau de tension de charge plus \u00e9lev\u00e9 et des temps d&rsquo;arr\u00eat U1 plus longs pour obtenir des temps de charge courts avec un stockage de capacit\u00e9 particuli\u00e8rement \u00e9lev\u00e9 et \u00e9viter une \u00ab famine \u00bb \u00e0 long terme de la batterie.<\/p>\n<p><strong>\u00ab AGM \u00bb <\/strong>: programme de charge pour batteries AGM\/Vlies, courbe caract\u00e9ristique IU1oU2oU3 Destin\u00e9 au chargement de batteries AGM (Absorbent-Glass-Mat) scell\u00e9es et \u00e9tanches au gaz en technologie plomb-Vlies, qui n\u00e9cessitent un niveau U1 particuli\u00e8rement \u00e9lev\u00e9 avec des temps de maintien coordonn\u00e9s pour la charge compl\u00e8te, puis un niveau U2 mod\u00e9r\u00e9 pour maintenir la charge (technologie \u00e0 plaques et cellules rondes). .<\/p>\n<p><strong>\u00ab UNIVERSAL \u00bb <\/strong>: programme de charge pour batteries plomb-acide\/moche\/AGM, courbe caract\u00e9ristique IU1oU2oU3 Programme universel pour la charge et le maintien de la charge des batteries acides dans les v\u00e9hicules (mixte mobile\/stationnaire). Avec un niveau U1 moyen, offre encore des temps de charge courts, un bon facteur de charge et un bon m\u00e9lange d&rsquo;acides pour les batteries standard, d&rsquo;entra\u00eenement, d&rsquo;\u00e9clairage, solaires et lourdes ouvertes et ferm\u00e9es, sans entretien, ainsi que des batteries AGM de niveau U1 normal. .<\/p>\n<p><strong>\u00ab LiFePO4 \u00bb <\/strong>: programme de charge pour batteries au lithium, courbe caract\u00e9ristique IU1oU2oU3 Programme de charge adapt\u00e9 aux batteries au lithium-LiFePO4 avec son propre BMS et circuit de protection prescrit ou int\u00e9gr\u00e9. Une maintenance sp\u00e9ciale au repos maintient automatiquement la batterie LiFePO4 \u00e0 un niveau de charge avantageux pour la dur\u00e9e de vie du v\u00e9hicule (fonctionnement saisonnier) \u00e0 un niveau de charge avantageux pour la dur\u00e9e de vie, tout en tamponnant les consommateurs de 12 V ainsi que la batterie de d\u00e9marrage du v\u00e9hicule. En outre, une fonction r\u00e9guli\u00e8re Auto Wake UP active l&rsquo;\u00e9quilibrage des cellules des batteries.<\/p>\n<\/div>\n","protected":false},"excerpt":{"rendered":"<p>&nbsp;<\/p>\n<h4>Prix avec installation<\/h4>\n<ul>\n<li>\n<div>Chargeur automatique de 15A<\/div>\n<\/li>\n<li>Une prise Type 13 triple install\u00e9e \u00e0 l&rsquo;arri\u00e8re du support de si\u00e8ge passager<\/li>\n<li>Un disjoncteur 13A avec Fi de s\u00e9curit\u00e9 contre les courant de d\u00e9faut<\/li>\n<li>Une rallonge de 5 m permettant le raccordement au r\u00e9seau \u00e9lectrique 230V<\/li>\n<li>Programme de charge r\u00e9glable : gel, AGM, acide, LiFePO4<\/li>\n<li>Autom. R\u00e9g\u00e9n\u00e9ration de la batterie \/ Li Auto Wake Up<\/li>\n<li>Connexion de la commande\/affichage \u00e0 distance<\/li>\n<li>fonction Silent Run<\/li>\n<li>Compensation de temp\u00e9rature au plomb \/ protection LiFePO4<\/li>\n<li>Dimensions (L x L x H) : 228 x 139 x 74 mm<\/li>\n<\/ul>\n","protected":false},"featured_media":23926,"comment_status":"closed","ping_status":"closed","template":"","meta":[],"product_brand":[],"product_cat":[75,74,78,81],"product_tag":[],"class_list":{"0":"post-24026","1":"product","2":"type-product","3":"status-publish","4":"has-post-thumbnail","6":"product_cat-agm","7":"product_cat-batteries","8":"product_cat-chargeur","9":"product_cat-t5-et-t6-beach","11":"first","12":"instock","13":"shipping-taxable","14":"purchasable","15":"product-type-simple"},"_links":{"self":[{"href":"https:\/\/www.tempsdepause.ch\/solfar\/wp-json\/wp\/v2\/product\/24026","targetHints":{"allow":["GET"]}}],"collection":[{"href":"https:\/\/www.tempsdepause.ch\/solfar\/wp-json\/wp\/v2\/product"}],"about":[{"href":"https:\/\/www.tempsdepause.ch\/solfar\/wp-json\/wp\/v2\/types\/product"}],"replies":[{"embeddable":true,"href":"https:\/\/www.tempsdepause.ch\/solfar\/wp-json\/wp\/v2\/comments?post=24026"}],"wp:featuredmedia":[{"embeddable":true,"href":"https:\/\/www.tempsdepause.ch\/solfar\/wp-json\/wp\/v2\/media\/23926"}],"wp:attachment":[{"href":"https:\/\/www.tempsdepause.ch\/solfar\/wp-json\/wp\/v2\/media?parent=24026"}],"wp:term":[{"taxonomy":"product_brand","embeddable":true,"href":"https:\/\/www.tempsdepause.ch\/solfar\/wp-json\/wp\/v2\/product_brand?post=24026"},{"taxonomy":"product_cat","embeddable":true,"href":"https:\/\/www.tempsdepause.ch\/solfar\/wp-json\/wp\/v2\/product_cat?post=24026"},{"taxonomy":"product_tag","embeddable":true,"href":"https:\/\/www.tempsdepause.ch\/solfar\/wp-json\/wp\/v2\/product_tag?post=24026"}],"curies":[{"name":"wp","href":"https:\/\/api.w.org\/{rel}","templated":true}]}}