{"id":2216,"date":"2019-12-13T12:14:54","date_gmt":"2019-12-13T11:14:54","guid":{"rendered":"https:\/\/www.tempsdepause.ch\/solfar\/?post_type=product&#038;p=2216"},"modified":"2022-10-27T14:56:52","modified_gmt":"2022-10-27T12:56:52","slug":"tube-chauffant-pour-vidange-eau-grise-pose","status":"publish","type":"product","link":"https:\/\/www.tempsdepause.ch\/solfar\/produit\/tube-chauffant-pour-vidange-eau-grise-pose\/","title":{"rendered":"Tube chauffant pour vidange eau grise + pose"},"content":{"rendered":"<p>L\u2019installation de ce tube chauffant permet d\u2019\u00e9viter le gel de la vidange des eaux grises. L\u2019installation est facile, environ une heure y compris le raccordement \u00e9lectrique.<\/p>\n<p>Le prix comprend le tube avec la r\u00e9sistance chauffante de 4W et le thermostat qui enclenche \u00e0 z\u00e9ro et coupe \u00e0 10\u00b0C comme sur la photo si dessous. Plus une bride et un manchon isolant et protection.<\/p>\n<p><img fetchpriority=\"high\" decoding=\"async\" class=\"size-medium wp-image-2020 aligncenter\" src=\"https:\/\/www.tempsdepause.ch\/solfar\/wp-content\/uploads\/2019\/11\/IMG_2383-750x500.jpg\" alt=\"\" width=\"750\" height=\"500\" srcset=\"https:\/\/www.tempsdepause.ch\/solfar\/wp-content\/uploads\/2019\/11\/IMG_2383-750x500.jpg 750w, https:\/\/www.tempsdepause.ch\/solfar\/wp-content\/uploads\/2019\/11\/IMG_2383-768x512.jpg 768w, https:\/\/www.tempsdepause.ch\/solfar\/wp-content\/uploads\/2019\/11\/IMG_2383-800x534.jpg 800w, https:\/\/www.tempsdepause.ch\/solfar\/wp-content\/uploads\/2019\/11\/IMG_2383-600x400.jpg 600w, https:\/\/www.tempsdepause.ch\/solfar\/wp-content\/uploads\/2019\/11\/IMG_2383.jpg 1000w\" sizes=\"(max-width: 750px) 100vw, 750px\" \/><\/p>\n<p>Profiter de la pose de l\u2019interrupteur de commande pour installer aussi la commande de la pompe \u00e0 eau.<\/p>\n<p><img decoding=\"async\" class=\"size-medium wp-image-1999 aligncenter\" src=\"https:\/\/www.tempsdepause.ch\/solfar\/wp-content\/uploads\/2019\/11\/IMG_2368-800x274.jpg\" alt=\"\" width=\"800\" height=\"274\" srcset=\"https:\/\/www.tempsdepause.ch\/solfar\/wp-content\/uploads\/2019\/11\/IMG_2368-800x274.jpg 800w, https:\/\/www.tempsdepause.ch\/solfar\/wp-content\/uploads\/2019\/11\/IMG_2368-768x263.jpg 768w, https:\/\/www.tempsdepause.ch\/solfar\/wp-content\/uploads\/2019\/11\/IMG_2368-600x205.jpg 600w, https:\/\/www.tempsdepause.ch\/solfar\/wp-content\/uploads\/2019\/11\/IMG_2368.jpg 1000w\" sizes=\"(max-width: 800px) 100vw, 800px\" \/><\/p>\n<p>Outils n\u00e9cessaires: une m\u00e8che conique de 20mm pour laisser passer le tube dans le cache en plastique sous le v\u00e9hicule. Et aussi pour l\u2019installation des interrupteurs.<\/p>\n<p><img decoding=\"async\" class=\"alignleft size-medium wp-image-1894\" src=\"https:\/\/www.tempsdepause.ch\/solfar\/wp-content\/uploads\/2019\/11\/IMG_2352-667x500.jpg\" alt=\"\" width=\"667\" height=\"500\" srcset=\"https:\/\/www.tempsdepause.ch\/solfar\/wp-content\/uploads\/2019\/11\/IMG_2352-667x500.jpg 667w, https:\/\/www.tempsdepause.ch\/solfar\/wp-content\/uploads\/2019\/11\/IMG_2352-768x576.jpg 768w, https:\/\/www.tempsdepause.ch\/solfar\/wp-content\/uploads\/2019\/11\/IMG_2352.jpg 800w, https:\/\/www.tempsdepause.ch\/solfar\/wp-content\/uploads\/2019\/11\/IMG_2352-300x225.jpg 300w, https:\/\/www.tempsdepause.ch\/solfar\/wp-content\/uploads\/2019\/11\/IMG_2352-600x450.jpg 600w\" sizes=\"(max-width: 667px) 100vw, 667px\" \/><\/p>\n","protected":false},"excerpt":{"rendered":"<p>L\u2019installation de ce tube chauffant permet d\u2019\u00e9viter le gel de la vidange des eaux grises. L\u2019installation est facile, environ une heure y compris le raccordement \u00e9lectrique. Le prix comprend le tube avec la r\u00e9sistance chauffante de 4W et le thermostat qui enclenche \u00e0 z\u00e9ro et coupe \u00e0 10\u00b0C comme sur la photo si dessous. Plus une bride et un manchon isolant et protection. Profiter de la pose de l\u2019interrupteur de commande pour installer aussi la commande de la pompe \u00e0 [&hellip;]<\/p>\n","protected":false},"featured_media":1627,"comment_status":"closed","ping_status":"closed","template":"","meta":[],"product_brand":[],"product_cat":[63,50],"product_tag":[],"class_list":{"0":"post-2216","1":"product","2":"type-product","3":"status-publish","4":"has-post-thumbnail","6":"product_cat-eau-produits","7":"product_cat-electricite","9":"first","10":"instock","11":"shipping-taxable","12":"purchasable","13":"product-type-simple"},"_links":{"self":[{"href":"https:\/\/www.tempsdepause.ch\/solfar\/wp-json\/wp\/v2\/product\/2216","targetHints":{"allow":["GET"]}}],"collection":[{"href":"https:\/\/www.tempsdepause.ch\/solfar\/wp-json\/wp\/v2\/product"}],"about":[{"href":"https:\/\/www.tempsdepause.ch\/solfar\/wp-json\/wp\/v2\/types\/product"}],"replies":[{"embeddable":true,"href":"https:\/\/www.tempsdepause.ch\/solfar\/wp-json\/wp\/v2\/comments?post=2216"}],"wp:featuredmedia":[{"embeddable":true,"href":"https:\/\/www.tempsdepause.ch\/solfar\/wp-json\/wp\/v2\/media\/1627"}],"wp:attachment":[{"href":"https:\/\/www.tempsdepause.ch\/solfar\/wp-json\/wp\/v2\/media?parent=2216"}],"wp:term":[{"taxonomy":"product_brand","embeddable":true,"href":"https:\/\/www.tempsdepause.ch\/solfar\/wp-json\/wp\/v2\/product_brand?post=2216"},{"taxonomy":"product_cat","embeddable":true,"href":"https:\/\/www.tempsdepause.ch\/solfar\/wp-json\/wp\/v2\/product_cat?post=2216"},{"taxonomy":"product_tag","embeddable":true,"href":"https:\/\/www.tempsdepause.ch\/solfar\/wp-json\/wp\/v2\/product_tag?post=2216"}],"curies":[{"name":"wp","href":"https:\/\/api.w.org\/{rel}","templated":true}]}}