{"id":19097,"date":"2021-02-17T10:51:32","date_gmt":"2021-02-17T09:51:32","guid":{"rendered":"https:\/\/www.tempsdepause.ch\/solfar\/?post_type=product&#038;p=19097"},"modified":"2024-10-30T18:48:10","modified_gmt":"2024-10-30T17:48:10","slug":"tablettes-pour-penderie-california-t6-1-2","status":"publish","type":"product","link":"https:\/\/www.tempsdepause.ch\/solfar\/produit\/tablettes-pour-penderie-california-t6-1-2\/","title":{"rendered":"Kit &#8211; Tablettes pour penderie California T6.1"},"content":{"rendered":"<p>Afin d&rsquo;optimiser la penderie du California avec les nouvelles portes coulissantes, je vous propose 3 tablettes et les supports de fixation.<\/p>\n<p>Les tablettes en aluminium composite de 4mm \u00a0sont recouvertes d&rsquo;un tapis de tiroir Variera d&rsquo;Ikea. La tablette du centre est coup\u00e9e en biseau afin d&rsquo;obtenir un meilleur acc\u00e8s au bas de l&rsquo;armoire.<\/p>\n<p>La pose par vos soins est facile, les corni\u00e8res en L sont autocollantes et des rivets assurent la solidit\u00e9.<\/p>\n<p>N\u00e9cessite une perceuse et m\u00e8che de 3.2mm et une pince \u00e0 rivet POP. Percer d\u00e9licatement seulement la 1\u00e8re couche d&rsquo;alu !<\/p>\n<p>Avec un \u00e9querre appuy\u00e9e sur la charni\u00e8re du bas, pr\u00e9senter une corni\u00e8re de 15 cm et la coller<\/p>\n<p>Idem \u00e0 6 mm sous la charni\u00e8re du haut<\/p>\n<p>fixer une corni\u00e8re de 10 cm \u00e0 11 cm sous la corni\u00e8re coll\u00e9e au niveau de la charni\u00e8re du bas.<\/p>\n<p>Percer d\u00e9licatement seulement la premi\u00e8re couche d&rsquo;alu de la penderie \u00e0 3.2mm et mettre les rivets<\/p>\n<p>Placer l&rsquo;\u00e9tag\u00e8re du haut, la mettre de niveau et s&rsquo;assurer qu&rsquo;elle repose bien sur la corni\u00e8re d\u00e9j\u00e0 fix\u00e9e. Puis coller une corni\u00e8re de 24 cm. Idem pour l&rsquo;\u00e9tag\u00e8re du centre puis celle du bas.<\/p>\n<p>Percer et fixer les rivet \u00e0 chaque \u00e9tape.<\/p>\n<p><img fetchpriority=\"high\" decoding=\"async\" class=\"alignleft size-medium wp-image-3590\" src=\"https:\/\/www.tempsdepause.ch\/solfar\/wp-content\/uploads\/2020\/01\/IMG_2489-640x500.jpg\" alt=\"\" width=\"640\" height=\"500\" srcset=\"https:\/\/www.tempsdepause.ch\/solfar\/wp-content\/uploads\/2020\/01\/IMG_2489-640x500.jpg 640w, https:\/\/www.tempsdepause.ch\/solfar\/wp-content\/uploads\/2020\/01\/IMG_2489-768x600.jpg 768w, https:\/\/www.tempsdepause.ch\/solfar\/wp-content\/uploads\/2020\/01\/IMG_2489-600x469.jpg 600w, https:\/\/www.tempsdepause.ch\/solfar\/wp-content\/uploads\/2020\/01\/IMG_2489.jpg 800w\" sizes=\"(max-width: 640px) 100vw, 640px\" \/><\/p>\n<p>&nbsp;<\/p>\n","protected":false},"excerpt":{"rendered":"<h4>Tablettes pour penderie California T6.1<\/h4>\n<p>Trois tablettes<br \/>\nFixations autocollantes double-face et rivets<\/p>\n<p>&nbsp;<\/p>\n<p>&nbsp;<\/p>\n","protected":false},"featured_media":19098,"comment_status":"closed","ping_status":"closed","template":"","meta":[],"product_brand":[],"product_cat":[72],"product_tag":[],"class_list":{"0":"post-19097","1":"product","2":"type-product","3":"status-publish","4":"has-post-thumbnail","6":"product_cat-etageres-pour-penderie-vw-california","8":"first","9":"instock","10":"shipping-taxable","11":"purchasable","12":"product-type-simple"},"_links":{"self":[{"href":"https:\/\/www.tempsdepause.ch\/solfar\/wp-json\/wp\/v2\/product\/19097","targetHints":{"allow":["GET"]}}],"collection":[{"href":"https:\/\/www.tempsdepause.ch\/solfar\/wp-json\/wp\/v2\/product"}],"about":[{"href":"https:\/\/www.tempsdepause.ch\/solfar\/wp-json\/wp\/v2\/types\/product"}],"replies":[{"embeddable":true,"href":"https:\/\/www.tempsdepause.ch\/solfar\/wp-json\/wp\/v2\/comments?post=19097"}],"wp:featuredmedia":[{"embeddable":true,"href":"https:\/\/www.tempsdepause.ch\/solfar\/wp-json\/wp\/v2\/media\/19098"}],"wp:attachment":[{"href":"https:\/\/www.tempsdepause.ch\/solfar\/wp-json\/wp\/v2\/media?parent=19097"}],"wp:term":[{"taxonomy":"product_brand","embeddable":true,"href":"https:\/\/www.tempsdepause.ch\/solfar\/wp-json\/wp\/v2\/product_brand?post=19097"},{"taxonomy":"product_cat","embeddable":true,"href":"https:\/\/www.tempsdepause.ch\/solfar\/wp-json\/wp\/v2\/product_cat?post=19097"},{"taxonomy":"product_tag","embeddable":true,"href":"https:\/\/www.tempsdepause.ch\/solfar\/wp-json\/wp\/v2\/product_tag?post=19097"}],"curies":[{"name":"wp","href":"https:\/\/api.w.org\/{rel}","templated":true}]}}