{"id":1366,"date":"2019-10-15T13:20:36","date_gmt":"2019-10-15T11:20:36","guid":{"rendered":"https:\/\/www.tempsdepause.ch\/solfar\/?post_type=product&#038;p=1366"},"modified":"2024-11-11T13:00:38","modified_gmt":"2024-11-11T12:00:38","slug":"votronic-vcc-1212-30a-installation","status":"publish","type":"product","link":"https:\/\/www.tempsdepause.ch\/solfar\/produit\/votronic-vcc-1212-30a-installation\/","title":{"rendered":"Votronic VCC 1212-30A et Installation sur California"},"content":{"rendered":"<p>Votronic VCC 1212 -30A<\/p>\n<p>Avec le norme Euro 6 la batterie moteur est charg\u00e9e \u00e0 environ 80% pour pouvoir r\u00e9cup\u00e9rer un peu d\u2019\u00e9nergie \u00e0 la descente et en d\u00e9c\u00e9l\u00e9ration. C\u2019est peut-\u00eatre chiffrable \u00e0 quelques centimes au 100 km et cela donne une bonne conscience \u00e9cologique, mais \u00e7a ne recharge pas correctement nos batteries auxiliaires.<\/p>\n<p>J\u2019ai donc install\u00e9 un booster de charge qui tient compte de la tension et de la temp\u00e9rature des batteries auxiliaires. L\u2019utilit\u00e9 est \u00e9vidente, Nous gagnons 20% d\u2019autonomie. De plus il serait possible de remplacer nos batteries AGM de d\u00e9marrage par des Gel stationnaires ou des lithium pour presque ainsi doubl\u00e9 notre autonomie \u00e9lectrique.<\/p>\n<p>Principe: le relais de couplage se ferme d\u00e8s que l\u2019alternateur tourne. Le courant est important, ce relais support\u00e9 100A sur le Beach et 150A sur les Coast et Oc\u00e9an. D\u00e8s que la tension remonte \u00e0 un valeur suffisante l\u2019alternateur coupe sa production. La batterie Start est recharg\u00e9e \u00e0 80% environ. Les auxiliaires sont-elles correctement charg\u00e9es ? Non pas plus que la batterie moteur.\u00a0Le Votronic VCC 1212 -30A utilise un syt\u00e8me qui permet de fournir une tension de charge optimale, m\u00eame plus \u00e9lev\u00e9e que celle re\u00e7ue en entr\u00e9e et de recharger ainsi compl\u00e8tement les batteries aux. Ainsi ind\u00e9pendamment de la batterie Start charg\u00e9e \u00e0 80%, les batteries auxiliaire sont charg\u00e9e \u00e0 100%<\/p>\n<p>Voici mon installation:<\/p>\n<p>\u00a0<\/p>\n<p><img fetchpriority=\"high\" decoding=\"async\" class=\"size-medium wp-image-1361 aligncenter\" src=\"https:\/\/www.tempsdepause.ch\/solfar\/wp-content\/uploads\/2019\/10\/Couplage-batterie-T6-415x500.jpg\" alt=\"\" width=\"415\" height=\"500\" srcset=\"https:\/\/www.tempsdepause.ch\/solfar\/wp-content\/uploads\/2019\/10\/Couplage-batterie-T6-415x500.jpg 415w, https:\/\/www.tempsdepause.ch\/solfar\/wp-content\/uploads\/2019\/10\/Couplage-batterie-T6-768x926.jpg 768w, https:\/\/www.tempsdepause.ch\/solfar\/wp-content\/uploads\/2019\/10\/Couplage-batterie-T6.jpg 800w, https:\/\/www.tempsdepause.ch\/solfar\/wp-content\/uploads\/2019\/10\/Couplage-batterie-T6-600x724.jpg 600w\" sizes=\"(max-width: 415px) 100vw, 415px\" \/><\/p>\n<p>\u00a0<\/p>\n<p>Je pr\u00e9f\u00e8re conserver le relais de couplage dans le circuit. En cas de probl\u00e8me, c\u2019est plus facile de ponter le Votronic.<\/p>\n<p>\u00a0<\/p>\n<p><img decoding=\"async\" class=\"size-medium wp-image-1362 aligncenter\" src=\"https:\/\/www.tempsdepause.ch\/solfar\/wp-content\/uploads\/2019\/10\/IMG_0439-667x500.jpg\" alt=\"\" width=\"667\" height=\"500\" srcset=\"https:\/\/www.tempsdepause.ch\/solfar\/wp-content\/uploads\/2019\/10\/IMG_0439-667x500.jpg 667w, https:\/\/www.tempsdepause.ch\/solfar\/wp-content\/uploads\/2019\/10\/IMG_0439-768x576.jpg 768w, https:\/\/www.tempsdepause.ch\/solfar\/wp-content\/uploads\/2019\/10\/IMG_0439.jpg 800w, https:\/\/www.tempsdepause.ch\/solfar\/wp-content\/uploads\/2019\/10\/IMG_0439-300x225.jpg 300w, https:\/\/www.tempsdepause.ch\/solfar\/wp-content\/uploads\/2019\/10\/IMG_0439-600x450.jpg 600w\" sizes=\"(max-width: 667px) 100vw, 667px\" \/><\/p>\n<p>Le support du relais de couplage l\u00e9g\u00e8rement modifi\u00e9 pour soutenir le Votronic VCC 1212-30A<\/p>\n<p>\u00a0<\/p>\n<p><img decoding=\"async\" class=\"size-medium wp-image-1363 alignnone\" src=\"https:\/\/www.tempsdepause.ch\/solfar\/wp-content\/uploads\/2019\/10\/IMG_0444-375x500.jpg\" alt=\"\" width=\"375\" height=\"500\" srcset=\"https:\/\/www.tempsdepause.ch\/solfar\/wp-content\/uploads\/2019\/10\/IMG_0444-375x500.jpg 375w, https:\/\/www.tempsdepause.ch\/solfar\/wp-content\/uploads\/2019\/10\/IMG_0444.jpg 500w\" sizes=\"(max-width: 375px) 100vw, 375px\" \/><\/p>\n<p>Voil\u00e0 l\u2019installation termin\u00e9e sous le si\u00e8ge conducteur du T6 California.<\/p>\n","protected":false},"excerpt":{"rendered":"<p>Le convertisseur de charge repr\u00e9sente ainsi la haute qualit\u00e9 bien connue de la charge de la batterie des chargeurs VOTRONIC pendant le trajet. Le contr\u00f4le de charge \u00e0 microprocesseur intelligent IU1oU2 Calcul du temps de charge et assure automatiquement la pleine charge rapide et douce et la charge compl\u00e8te subs\u00e9quente d&rsquo;attitude des batteries connect\u00e9es de tout niveau de charge sur et permet toujours pour la fourniture simultan\u00e9e des consommateurs en parall\u00e8le avec la batterie d&rsquo;alimentation.<\/p>\n<p><b>Installation:<\/b><\/p>\n<ul>\n<li>Adaptation du support du relais de couplage<\/li>\n<li>Fixation du convertisseur<\/li>\n<li>c\u00e2blage: modification des fils permettant de revenir \u00e0 l&rsquo;installation d&rsquo;origine (pas de coupure de cosses)<\/li>\n<li>dur\u00e9e: environ 3 heures<\/li>\n<\/ul>\n<p>&nbsp;<\/p>\n","protected":false},"featured_media":1365,"comment_status":"closed","ping_status":"closed","template":"","meta":[],"product_brand":[],"product_cat":[74],"product_tag":[],"class_list":{"0":"post-1366","1":"product","2":"type-product","3":"status-publish","4":"has-post-thumbnail","6":"product_cat-batteries","8":"first","9":"outofstock","10":"shipping-taxable","11":"purchasable","12":"product-type-simple"},"_links":{"self":[{"href":"https:\/\/www.tempsdepause.ch\/solfar\/wp-json\/wp\/v2\/product\/1366","targetHints":{"allow":["GET"]}}],"collection":[{"href":"https:\/\/www.tempsdepause.ch\/solfar\/wp-json\/wp\/v2\/product"}],"about":[{"href":"https:\/\/www.tempsdepause.ch\/solfar\/wp-json\/wp\/v2\/types\/product"}],"replies":[{"embeddable":true,"href":"https:\/\/www.tempsdepause.ch\/solfar\/wp-json\/wp\/v2\/comments?post=1366"}],"wp:featuredmedia":[{"embeddable":true,"href":"https:\/\/www.tempsdepause.ch\/solfar\/wp-json\/wp\/v2\/media\/1365"}],"wp:attachment":[{"href":"https:\/\/www.tempsdepause.ch\/solfar\/wp-json\/wp\/v2\/media?parent=1366"}],"wp:term":[{"taxonomy":"product_brand","embeddable":true,"href":"https:\/\/www.tempsdepause.ch\/solfar\/wp-json\/wp\/v2\/product_brand?post=1366"},{"taxonomy":"product_cat","embeddable":true,"href":"https:\/\/www.tempsdepause.ch\/solfar\/wp-json\/wp\/v2\/product_cat?post=1366"},{"taxonomy":"product_tag","embeddable":true,"href":"https:\/\/www.tempsdepause.ch\/solfar\/wp-json\/wp\/v2\/product_tag?post=1366"}],"curies":[{"name":"wp","href":"https:\/\/api.w.org\/{rel}","templated":true}]}}