{"id":4340,"date":"2020-02-19T17:48:11","date_gmt":"2020-02-19T16:48:11","guid":{"rendered":"https:\/\/www.tempsdepause.ch\/solfar\/?page_id=4340"},"modified":"2024-12-10T20:55:11","modified_gmt":"2024-12-10T19:55:11","slug":"absences-solfar-en-voyage","status":"publish","type":"page","link":"https:\/\/www.tempsdepause.ch\/solfar\/absences-solfar-en-voyage\/","title":{"rendered":"Absences, Solfar en voyage&#8230;"},"content":{"rendered":"\t\t<div data-elementor-type=\"wp-page\" data-elementor-id=\"4340\" class=\"elementor elementor-4340\">\n\t\t\t\t\t\t<section class=\"elementor-section elementor-top-section elementor-element elementor-element-27859fa elementor-section-boxed elementor-section-height-default elementor-section-height-default\" data-id=\"27859fa\" data-element_type=\"section\" data-e-type=\"section\">\n\t\t\t\t\t\t<div class=\"elementor-container elementor-column-gap-default\">\n\t\t\t\t\t<div class=\"elementor-column elementor-col-100 elementor-top-column elementor-element elementor-element-7cdc3ff\" data-id=\"7cdc3ff\" data-element_type=\"column\" data-e-type=\"column\">\n\t\t\t<div class=\"elementor-widget-wrap elementor-element-populated\">\n\t\t\t\t\t\t<div class=\"elementor-element elementor-element-e3ef3ec elementor-widget elementor-widget-heading\" data-id=\"e3ef3ec\" data-element_type=\"widget\" data-e-type=\"widget\" data-widget_type=\"heading.default\">\n\t\t\t\t<div class=\"elementor-widget-container\">\n\t\t\t\t\t<h3 class=\"elementor-heading-title elementor-size-default\">Absences, Solfar en voyage...<\/h3>\t\t\t\t<\/div>\n\t\t\t\t<\/div>\n\t\t\t\t\t<\/div>\n\t\t<\/div>\n\t\t\t\t\t<\/div>\n\t\t<\/section>\n\t\t\t\t<section class=\"elementor-section elementor-top-section elementor-element elementor-element-4bd1e0b elementor-section-boxed elementor-section-height-default elementor-section-height-default\" data-id=\"4bd1e0b\" data-element_type=\"section\" data-e-type=\"section\">\n\t\t\t\t\t\t<div class=\"elementor-container elementor-column-gap-default\">\n\t\t\t\t\t<div class=\"elementor-column elementor-col-100 elementor-top-column elementor-element elementor-element-dbb55a8\" data-id=\"dbb55a8\" data-element_type=\"column\" data-e-type=\"column\">\n\t\t\t<div class=\"elementor-widget-wrap elementor-element-populated\">\n\t\t\t\t\t\t<div class=\"elementor-element elementor-element-e6d06f7 elementor-widget elementor-widget-text-editor\" data-id=\"e6d06f7\" data-element_type=\"widget\" data-e-type=\"widget\" data-widget_type=\"text-editor.default\">\n\t\t\t\t<div class=\"elementor-widget-container\">\n\t\t\t\t\t\t\t\t\t<p>D\u00e8s que mes obligations le permettent, je prends le large avec Solfar, notre voyageur du soleil.<\/p><p>Profitez, si je peux vous \u00eatres utile, pendant que \u00a0je m\u2019ennuie et que Solfar dort au garage, de me demander un peu d\u2019aide. Pendant mes absences, je r\u00e9ponds volontiers, mais \u00e9videmment je n\u2019ai pas la possibilit\u00e9 de vous envoyer un article ou d\u2019installer un am\u00e9nagement sur votre California.<\/p><p>L\u00e0 d\u00e8s le d\u00e9but du printemps et une bonne partie de l\u2019\u00e9t\u00e9, je serais en voyage\u2026<\/p><p>Alors si vous voulez des <em>tablars<\/em> pour votre penderie ou un autre article, faites vite ! <br \/>avant la belle saison.\u00a0<\/p>\t\t\t\t\t\t\t\t<\/div>\n\t\t\t\t<\/div>\n\t\t\t\t\t<\/div>\n\t\t<\/div>\n\t\t\t\t\t<\/div>\n\t\t<\/section>\n\t\t\t\t<section class=\"elementor-section elementor-top-section elementor-element elementor-element-be8c1f6 elementor-section-boxed elementor-section-height-default elementor-section-height-default\" data-id=\"be8c1f6\" data-element_type=\"section\" data-e-type=\"section\">\n\t\t\t\t\t\t<div class=\"elementor-container elementor-column-gap-default\">\n\t\t\t\t\t<div class=\"elementor-column elementor-col-100 elementor-top-column elementor-element elementor-element-74d5036\" data-id=\"74d5036\" data-element_type=\"column\" data-e-type=\"column\">\n\t\t\t<div class=\"elementor-widget-wrap elementor-element-populated\">\n\t\t\t\t\t\t<div class=\"elementor-element elementor-element-0926b36 elementor-widget elementor-widget-image\" data-id=\"0926b36\" data-element_type=\"widget\" data-e-type=\"widget\" data-widget_type=\"image.default\">\n\t\t\t\t<div class=\"elementor-widget-container\">\n\t\t\t\t\t\t\t\t\t\t\t\t\t\t\t<img fetchpriority=\"high\" decoding=\"async\" width=\"2443\" height=\"2443\" src=\"https:\/\/www.tempsdepause.ch\/solfar\/wp-content\/uploads\/2019\/10\/JDB_2615.jpg\" class=\"attachment-full size-full wp-image-1064\" alt=\"\" srcset=\"https:\/\/www.tempsdepause.ch\/solfar\/wp-content\/uploads\/2019\/10\/JDB_2615.jpg 2443w, https:\/\/www.tempsdepause.ch\/solfar\/wp-content\/uploads\/2019\/10\/JDB_2615-100x100.jpg 100w, https:\/\/www.tempsdepause.ch\/solfar\/wp-content\/uploads\/2019\/10\/JDB_2615-600x600.jpg 600w, https:\/\/www.tempsdepause.ch\/solfar\/wp-content\/uploads\/2019\/10\/JDB_2615-150x150.jpg 150w, https:\/\/www.tempsdepause.ch\/solfar\/wp-content\/uploads\/2019\/10\/JDB_2615-500x500.jpg 500w, https:\/\/www.tempsdepause.ch\/solfar\/wp-content\/uploads\/2019\/10\/JDB_2615-768x768.jpg 768w, https:\/\/www.tempsdepause.ch\/solfar\/wp-content\/uploads\/2019\/10\/JDB_2615-1024x1024.jpg 1024w, https:\/\/www.tempsdepause.ch\/solfar\/wp-content\/uploads\/2019\/10\/JDB_2615-770x770.jpg 770w, https:\/\/www.tempsdepause.ch\/solfar\/wp-content\/uploads\/2019\/10\/JDB_2615-160x160.jpg 160w, https:\/\/www.tempsdepause.ch\/solfar\/wp-content\/uploads\/2019\/10\/JDB_2615-1400x1400.jpg 1400w, https:\/\/www.tempsdepause.ch\/solfar\/wp-content\/uploads\/2019\/10\/JDB_2615-800x800.jpg 800w\" sizes=\"(max-width: 2443px) 100vw, 2443px\" \/>\t\t\t\t\t\t\t\t\t\t\t\t\t\t\t<\/div>\n\t\t\t\t<\/div>\n\t\t\t\t\t<\/div>\n\t\t<\/div>\n\t\t\t\t\t<\/div>\n\t\t<\/section>\n\t\t\t\t<\/div>\n\t\t","protected":false},"excerpt":{"rendered":"<p>Absences, Solfar en voyage\u2026 D\u00e8s que mes obligations le permettent, je prends le large avec Solfar, notre voyageur du soleil. Profitez, si je peux vous \u00eatres utile, pendant que \u00a0je m\u2019ennuie et que Solfar dort au garage, de me demander un peu d\u2019aide. Pendant mes absences, je r\u00e9ponds volontiers, mais \u00e9videmment je n\u2019ai pas la possibilit\u00e9 de vous envoyer un article ou d\u2019installer un am\u00e9nagement sur votre California. L\u00e0 d\u00e8s le d\u00e9but du printemps et une bonne partie de l\u2019\u00e9t\u00e9, [&hellip;]<\/p>\n","protected":false},"author":2,"featured_media":0,"parent":0,"menu_order":0,"comment_status":"closed","ping_status":"closed","template":"","meta":{"footnotes":""},"class_list":["post-4340","page","type-page","status-publish","hentry"],"_links":{"self":[{"href":"https:\/\/www.tempsdepause.ch\/solfar\/wp-json\/wp\/v2\/pages\/4340","targetHints":{"allow":["GET"]}}],"collection":[{"href":"https:\/\/www.tempsdepause.ch\/solfar\/wp-json\/wp\/v2\/pages"}],"about":[{"href":"https:\/\/www.tempsdepause.ch\/solfar\/wp-json\/wp\/v2\/types\/page"}],"author":[{"embeddable":true,"href":"https:\/\/www.tempsdepause.ch\/solfar\/wp-json\/wp\/v2\/users\/2"}],"replies":[{"embeddable":true,"href":"https:\/\/www.tempsdepause.ch\/solfar\/wp-json\/wp\/v2\/comments?post=4340"}],"version-history":[{"count":3,"href":"https:\/\/www.tempsdepause.ch\/solfar\/wp-json\/wp\/v2\/pages\/4340\/revisions"}],"predecessor-version":[{"id":24256,"href":"https:\/\/www.tempsdepause.ch\/solfar\/wp-json\/wp\/v2\/pages\/4340\/revisions\/24256"}],"wp:attachment":[{"href":"https:\/\/www.tempsdepause.ch\/solfar\/wp-json\/wp\/v2\/media?parent=4340"}],"curies":[{"name":"wp","href":"https:\/\/api.w.org\/{rel}","templated":true}]}}