{"id":87,"date":"2013-06-17T16:17:29","date_gmt":"2013-06-17T14:16:29","guid":{"rendered":"http:\/\/www.tempsdepause.ch\/services\/?page_id=87"},"modified":"2013-06-23T10:03:59","modified_gmt":"2013-06-23T08:03:59","slug":"eco-engagement","status":"publish","type":"page","link":"https:\/\/www.tempsdepause.ch\/services\/a-propos\/eco-engagement\/","title":{"rendered":"Eco-engagement"},"content":{"rendered":"<p style=\"text-align: center;\"><img decoding=\"async\" class=\"alignnone size-full wp-image-1539 alignleft\" alt=\"logo-eco\" src=\"https:\/\/www.tempsdepause.ch\/services\/wp-content\/uploads\/2013\/06\/logo-eco.png\" width=\"109\" height=\"102\" \/><\/p>\n<h1 style=\"text-align: center;\">~ Photographe respectueux de la nature ~<\/h1>\n<p>&nbsp;<\/p>\n<p>&nbsp;<\/p>\n<p>&nbsp;<\/p>\n<h3>Je m&rsquo;engage sur l&rsquo;honneur:<\/h3>\n<p><img decoding=\"async\" src=\"https:\/\/www.tempsdepause.ch\/services\/wp-content\/uploads\/2013\/06\/puce-eco.png\" width=\"20\" height=\"18\" \/>\u00a0 \u00e0 me conformer strictement aux lois et prescriptions r\u00e9gissant la protection de la faune et de la flore et de respecter le r\u00e8glement des r\u00e9serves naturelles;<\/p>\n<p><img decoding=\"async\" src=\"https:\/\/www.tempsdepause.ch\/services\/wp-content\/uploads\/2013\/06\/puce-eco.png\" width=\"20\" height=\"18\" \/>\u00a0 \u00e0\u00a0respecter la Nature sous toutes ses formes;<\/p>\n<p><img decoding=\"async\" src=\"https:\/\/www.tempsdepause.ch\/services\/wp-content\/uploads\/2013\/06\/puce-eco.png\" width=\"20\" height=\"18\" \/>\u00a0 \u00e0\u00a0ne pas causer des d\u00e9g\u00e2ts aux cultures, aux for\u00eats et \u00e0 la flore en g\u00e9n\u00e9ral;<\/p>\n<p><img decoding=\"async\" src=\"https:\/\/www.tempsdepause.ch\/services\/wp-content\/uploads\/2013\/06\/puce-eco.png\" width=\"20\" height=\"18\" \/>\u00a0 \u00e0\u00a0ne pas p\u00e9n\u00e9trer dans les endroits qui me seront signal\u00e9s comme interdits;<\/p>\n<p><img decoding=\"async\" src=\"https:\/\/www.tempsdepause.ch\/services\/wp-content\/uploads\/2013\/06\/puce-eco.png\" width=\"20\" height=\"18\" \/>\u00a0 \u00e0\u00a0ne pas entreprendre d&rsquo;actions qui compromettent la vie des animaux;<\/p>\n<p><img decoding=\"async\" src=\"https:\/\/www.tempsdepause.ch\/services\/wp-content\/uploads\/2013\/06\/puce-eco.png\" width=\"20\" height=\"18\" \/>\u00a0 \u00e0\u00a0toujours me comporter en v\u00e9ritable ami de la nature.<\/p>\n<p>&nbsp;<\/p>\n<p><img decoding=\"async\" src=\"https:\/\/www.tempsdepause.ch\/services\/wp-content\/uploads\/2013\/06\/puce-eco.png\" width=\"20\" height=\"18\" \/>\u00a0 Tempsdepause.ch est h\u00e9berg\u00e9 par <a href=\"http:\/\/hosting.infomaniak.ch\/ecology\/\" target=\"_blank\">Infomaniak.ch<\/a> une entreprise qui s&rsquo;engage pour la plan\u00e8te.<\/p>\n<p><img decoding=\"async\" src=\"https:\/\/www.tempsdepause.ch\/services\/wp-content\/uploads\/2013\/06\/puce-eco.png\" width=\"20\" height=\"18\" \/>\u00a0 J&rsquo;utilise autant que possible les transports publique, mon v\u00e9lo, mon bateau \u00e9lectrique pour mes d\u00e9placements.<\/p>\n<p><img decoding=\"async\" src=\"https:\/\/www.tempsdepause.ch\/services\/wp-content\/uploads\/2013\/06\/puce-eco.png\" width=\"20\" height=\"18\" \/>\u00a0 Mon informatique; Mac mini server , NAS, MacBook Pro et iPad sont choisis pour leurs faibles consommations.<\/p>\n<p><img decoding=\"async\" src=\"https:\/\/www.tempsdepause.ch\/services\/wp-content\/uploads\/2013\/06\/puce-eco.png\" width=\"20\" height=\"18\" \/>\u00a0 Mes \u00e9missions de CO2 n\u00e9cessaires pour la production de mes images sont dor\u00e9navant compens\u00e9es ! Voir: <a href=\"http:\/\/www.myclimate.org\/fr.html\" target=\"_blank\">MyClimate.org<\/a><\/p>\n<p><img decoding=\"async\" src=\"https:\/\/www.tempsdepause.ch\/services\/wp-content\/uploads\/2013\/06\/puce-eco.png\" width=\"20\" height=\"18\" \/>\u00a0 Je suis membre de l&rsquo;Association Suisse des Photographes et cin\u00e9astes Naturalistes o\u00f9 les adh\u00e9rents s&rsquo;engagent \u00e0 respecter la nature.<\/p>\n","protected":false},"excerpt":{"rendered":"<p>~ Photographe respectueux de la nature ~ &nbsp; &nbsp; &nbsp; Je m&rsquo;engage sur l&rsquo;honneur: \u00a0 \u00e0 me conformer strictement aux lois et prescriptions r\u00e9gissant la protection de la faune et de la flore et de respecter le r\u00e8glement des r\u00e9serves naturelles; \u00a0 \u00e0\u00a0respecter la Nature sous toutes ses formes; \u00a0 \u00e0\u00a0ne pas causer des d\u00e9g\u00e2ts &#8230;<\/p>\n","protected":false},"author":1,"featured_media":0,"parent":23,"menu_order":42,"comment_status":"closed","ping_status":"open","template":"template_fullwidth.php","meta":{"footnotes":""},"class_list":["post-87","page","type-page","status-publish","hentry"],"aioseo_notices":[],"_links":{"self":[{"href":"https:\/\/www.tempsdepause.ch\/services\/wp-json\/wp\/v2\/pages\/87","targetHints":{"allow":["GET"]}}],"collection":[{"href":"https:\/\/www.tempsdepause.ch\/services\/wp-json\/wp\/v2\/pages"}],"about":[{"href":"https:\/\/www.tempsdepause.ch\/services\/wp-json\/wp\/v2\/types\/page"}],"author":[{"embeddable":true,"href":"https:\/\/www.tempsdepause.ch\/services\/wp-json\/wp\/v2\/users\/1"}],"replies":[{"embeddable":true,"href":"https:\/\/www.tempsdepause.ch\/services\/wp-json\/wp\/v2\/comments?post=87"}],"version-history":[{"count":0,"href":"https:\/\/www.tempsdepause.ch\/services\/wp-json\/wp\/v2\/pages\/87\/revisions"}],"up":[{"embeddable":true,"href":"https:\/\/www.tempsdepause.ch\/services\/wp-json\/wp\/v2\/pages\/23"}],"wp:attachment":[{"href":"https:\/\/www.tempsdepause.ch\/services\/wp-json\/wp\/v2\/media?parent=87"}],"curies":[{"name":"wp","href":"https:\/\/api.w.org\/{rel}","templated":true}]}}

<p style="text-align: center;"><img decoding="async" class="alignnone size-full wp-image-1539 alignleft" alt="logo-eco" src="https://www.tempsdepause.ch/services/wp-content/uploads/2013/06/logo-eco.png" width="109" height="102" /></p>
<h1 style="text-align: center;">~ Photographe respectueux de la nature ~</h1>
<p>&nbsp;</p>
<p>&nbsp;</p>
<p>&nbsp;</p>
<h3>Je m&rsquo;engage sur l&rsquo;honneur:</h3>
<p><img decoding="async" src="https://www.tempsdepause.ch/services/wp-content/uploads/2013/06/puce-eco.png" width="20" height="18" />  à me conformer strictement aux lois et prescriptions régissant la protection de la faune et de la flore et de respecter le règlement des réserves naturelles;</p>
<p><img decoding="async" src="https://www.tempsdepause.ch/services/wp-content/uploads/2013/06/puce-eco.png" width="20" height="18" />  à respecter la Nature sous toutes ses formes;</p>
<p><img decoding="async" src="https://www.tempsdepause.ch/services/wp-content/uploads/2013/06/puce-eco.png" width="20" height="18" />  à ne pas causer des dégâts aux cultures, aux forêts et à la flore en général;</p>
<p><img decoding="async" src="https://www.tempsdepause.ch/services/wp-content/uploads/2013/06/puce-eco.png" width="20" height="18" />  à ne pas pénétrer dans les endroits qui me seront signalés comme interdits;</p>
<p><img decoding="async" src="https://www.tempsdepause.ch/services/wp-content/uploads/2013/06/puce-eco.png" width="20" height="18" />  à ne pas entreprendre d&rsquo;actions qui compromettent la vie des animaux;</p>
<p><img decoding="async" src="https://www.tempsdepause.ch/services/wp-content/uploads/2013/06/puce-eco.png" width="20" height="18" />  à toujours me comporter en véritable ami de la nature.</p>
<p>&nbsp;</p>
<p><img decoding="async" src="https://www.tempsdepause.ch/services/wp-content/uploads/2013/06/puce-eco.png" width="20" height="18" />  Tempsdepause.ch est hébergé par <a href="http://hosting.infomaniak.ch/ecology/" target="_blank">Infomaniak.ch</a> une entreprise qui s&rsquo;engage pour la planète.</p>
<p><img decoding="async" src="https://www.tempsdepause.ch/services/wp-content/uploads/2013/06/puce-eco.png" width="20" height="18" />  J&rsquo;utilise autant que possible les transports publique, mon vélo, mon bateau électrique pour mes déplacements.</p>
<p><img decoding="async" src="https://www.tempsdepause.ch/services/wp-content/uploads/2013/06/puce-eco.png" width="20" height="18" />  Mon informatique; Mac mini server , NAS, MacBook Pro et iPad sont choisis pour leurs faibles consommations.</p>
<p><img decoding="async" src="https://www.tempsdepause.ch/services/wp-content/uploads/2013/06/puce-eco.png" width="20" height="18" />  Mes émissions de CO2 nécessaires pour la production de mes images sont dorénavant compensées ! Voir: <a href="http://www.myclimate.org/fr.html" target="_blank">MyClimate.org</a></p>
<p><img decoding="async" src="https://www.tempsdepause.ch/services/wp-content/uploads/2013/06/puce-eco.png" width="20" height="18" />  Je suis membre de l&rsquo;Association Suisse des Photographes et cinéastes Naturalistes où les adhérents s&rsquo;engagent à respecter la nature.</p>

<p>~ Photographe respectueux de la nature ~ &nbsp; &nbsp; &nbsp; Je m&rsquo;engage sur l&rsquo;honneur:   à me conformer strictement aux lois et prescriptions régissant la protection de la faune et de la flore et de respecter le règlement des réserves naturelles;   à respecter la Nature sous toutes ses formes;   à ne pas causer des dégâts &#8230;</p>
