{"id":4215,"date":"2013-11-24T17:29:18","date_gmt":"2013-11-24T16:29:18","guid":{"rendered":"http:\/\/www.tempsdepause.ch\/services\/?page_id=4215"},"modified":"2019-10-04T10:30:48","modified_gmt":"2019-10-04T08:30:48","slug":"tirage-fine-art","status":"publish","type":"page","link":"https:\/\/www.tempsdepause.ch\/services\/services\/atelier-tirage-art-et-developpement-numerique\/tirage-fine-art\/","title":{"rendered":"Tirage Fine Art"},"content":{"rendered":"<h2>Tirage Fine art &amp; Encadrement<\/h2>\n<p style=\"text-align: justify;\">Mon atelier offre tous les services que vous esp\u00e9rez trouver. Un choix des meilleurs papiers FineArt de Hahnem\u00fchle, tir\u00e9 avec des encres Epson Ultra Chrome HDR.<\/p>\n<p style=\"text-align: justify;\">Et aussi, un service de collage sur support blanc en alu composite Dibond par laminage pour une tenue plane garantie de l\u2019oeuvre. Chez nous, les tirages et le contrecollage sur Dibond sont r\u00e9alis\u00e9s avec le plus grand soin au prix le plus int\u00e9ressant ! Meilleurs produits, qualit\u00e9 du service et prix correct peuvent cohabiter en Suisse.<\/p>\n<p style=\"text-align: justify;\">Mais, une oeuvre m\u00e9rite une mise en valeur par un encadrement appropri\u00e9. Nos caisses am\u00e9ricaines r\u00e9pondent parfaitement \u00e0 cela, l\u2019oeuvre parait flotter dans le cadre et l\u2019effet visuel accentue merveilleusement la beaut\u00e9 de l\u2019oeuvre ainsi pr\u00e9sent\u00e9e.<\/p>\n<p style=\"text-align: justify;\">La cohabitation des caisses am\u00e9ricaines, \u00e0 mon avis, est possible dans la plupart des environnements, mais pas avec toutes les oeuvres. Je trouve qu\u2019un passe-partout\u00a0 pr\u00e9sente un charme fou et aujourd\u2019hui la pr\u00e9sentation sous un verre antireflet, efficace \u00e0 99% et pr\u00e9sent\u00e9 dans un cadre mince en bois est certainement le choix le plus souvent tr\u00e8s pertinent. Ainsi l\u2019oeuvre est prot\u00e9g\u00e9e derri\u00e8re un verre quasi invisible.<\/p>\n<p>&nbsp;<\/p>\n<h4 style=\"text-align: center;\">Vous trouverez \u00e0 l\u2019atelier tout ce que vous esp\u00e9rez pour que vos images se transforment en oeuvre d\u2019art.<\/h4>\n<p>&nbsp;<\/p>\n<h4><span class=\"icon_text icon_check red\">Papiers Digital FineArt<\/span><\/h4>\n<p>Tous les excellents papiers Hahnem\u00fchle<\/p>\n<h4><span class=\"icon_text icon_check red\">Contrecollage sur Dibond<\/span><\/h4>\n<p>A l\u2019aide d\u2019un lamineur \u00e9lectrique, d\u00e9p\u00f4t d\u2019un film adh\u00e9sif sur plaque en alu composite tr\u00e8s l\u00e9g\u00e8re et r\u00e9sistante. Puis collage du tirage.<\/p>\n<h4><span class=\"icon_text icon_check red\">Contrecollage sous verre acrylique antireflet<\/span><\/h4>\n<p>L\u2019image est lamin\u00e9e recto contre acrylique puis le dos en acrylique ou Dibond est appliqu\u00e9<\/p>\n<h4><span class=\"icon_text icon_check red\">Choix de canvas FineArt et montage sur ch\u00e2ssis.<\/span><\/h4>\n<p>L\u2019image est imprim\u00e9e sur canevas puis tendue sur un ch\u00e2ssis.<\/p>\n<h4><span class=\"icon_text icon_check red\">Caisse am\u00e9ricaine en bois naturel ou teint\u00e9 blanc ou noir<\/span><\/h4>\n<p>Les cadres sont pr\u00e9par\u00e9 sur mesure avec des profils pour support Dibond ou pour ch\u00e2ssis<\/p>\n<h4><span class=\"icon_text icon_check red\">Passe-Partout<\/span><\/h4>\n<p>Choix de passe-partout d\u00e9coup\u00e9 sur mesure de textures et couleurs vari\u00e9es.<\/p>\n<h4><span class=\"icon_text icon_check red\">Cadre en bois<\/span><\/h4>\n<p>Choix de baguettes en \u00e9rable, poirier, acajou, ch\u00eane, fr\u00eane, \u00e9pic\u00e9a, cerisier, tilleul pouvant \u00eatre huil\u00e9es et baguettes teint\u00e9es blanches en fr\u00eane ou en \u00e9pic\u00e9a.<\/p>\n<h4><span class=\"icon_text icon_check red\">Cadre en bois Quadrum de Nielsen<sup>\u00ae<\/sup><\/span><\/h4>\n<p>Sur demande nous pouvons \u00e9galement mont\u00e9 vos oeuvres dans des cadres de Nielsen.<\/p>\n<p>&nbsp;<\/p>\n<p><img decoding=\"async\" class=\"aligncenter size-full wp-image-5766 frameImg\" src=\"https:\/\/www.tempsdepause.ch\/services\/wp-content\/uploads\/2015\/01\/JeanDa2006062102584.jpg\" alt=\"Ecorce de bouleau\" width=\"800\" height=\"531\" srcset=\"https:\/\/www.tempsdepause.ch\/services\/wp-content\/uploads\/2015\/01\/JeanDa2006062102584.jpg 800w, https:\/\/www.tempsdepause.ch\/services\/wp-content\/uploads\/2015\/01\/JeanDa2006062102584-600x398.jpg 600w, https:\/\/www.tempsdepause.ch\/services\/wp-content\/uploads\/2015\/01\/JeanDa2006062102584-91x60.jpg 91w\" sizes=\"(max-width: 800px) 100vw, 800px\" \/><\/p>\n","protected":false},"excerpt":{"rendered":"<p>Tirage Fine art &amp; Encadrement Mon atelier offre tous les services que vous esp\u00e9rez trouver. Un choix des meilleurs papiers FineArt de Hahnem\u00fchle, tir\u00e9 avec des encres Epson Ultra Chrome HDR. Et aussi, un service de collage sur support blanc en alu composite Dibond par laminage pour une tenue plane garantie de l\u2019oeuvre. Chez nous, &#8230;<\/p>\n","protected":false},"author":1,"featured_media":0,"parent":3891,"menu_order":0,"comment_status":"open","ping_status":"open","template":"template_rightsidebar.php","meta":{"footnotes":""},"class_list":["post-4215","page","type-page","status-publish","hentry"],"aioseo_notices":[],"_links":{"self":[{"href":"https:\/\/www.tempsdepause.ch\/services\/wp-json\/wp\/v2\/pages\/4215","targetHints":{"allow":["GET"]}}],"collection":[{"href":"https:\/\/www.tempsdepause.ch\/services\/wp-json\/wp\/v2\/pages"}],"about":[{"href":"https:\/\/www.tempsdepause.ch\/services\/wp-json\/wp\/v2\/types\/page"}],"author":[{"embeddable":true,"href":"https:\/\/www.tempsdepause.ch\/services\/wp-json\/wp\/v2\/users\/1"}],"replies":[{"embeddable":true,"href":"https:\/\/www.tempsdepause.ch\/services\/wp-json\/wp\/v2\/comments?post=4215"}],"version-history":[{"count":3,"href":"https:\/\/www.tempsdepause.ch\/services\/wp-json\/wp\/v2\/pages\/4215\/revisions"}],"predecessor-version":[{"id":6671,"href":"https:\/\/www.tempsdepause.ch\/services\/wp-json\/wp\/v2\/pages\/4215\/revisions\/6671"}],"up":[{"embeddable":true,"href":"https:\/\/www.tempsdepause.ch\/services\/wp-json\/wp\/v2\/pages\/3891"}],"wp:attachment":[{"href":"https:\/\/www.tempsdepause.ch\/services\/wp-json\/wp\/v2\/media?parent=4215"}],"curies":[{"name":"wp","href":"https:\/\/api.w.org\/{rel}","templated":true}]}}