{"id":4088,"date":"2013-11-18T21:18:47","date_gmt":"2013-11-18T20:18:47","guid":{"rendered":"http:\/\/www.tempsdepause.ch\/services\/?page_id=4088"},"modified":"2013-11-18T21:23:40","modified_gmt":"2013-11-18T20:23:40","slug":"conditions-generales-de-vente","status":"publish","type":"page","link":"https:\/\/www.tempsdepause.ch\/services\/services\/atelier-tirage-art-et-developpement-numerique\/conditions-generales-de-vente\/","title":{"rendered":"Conditions g\u00e9n\u00e9rales de vente"},"content":{"rendered":"<h3>R\u00e9sum\u00e9 des conditions g\u00e9n\u00e9rales de vente.<\/h3>\n<h4>Contrat de vente<\/h4>\n<p>4.1 Conditions pour effectuer une commande. Vous d\u00e9clarez \u00eatre \u00e2g\u00e9 d&rsquo;au moins 18 ans et avoir la capacit\u00e9 juridique ou \u00eatre titulaire d&rsquo;une autorisation parentale vous permettant d&rsquo;effectuer une commande sur le Site.<br \/>\n4.2 Obligations Nous refusons uniquement l\u2019impression d\u2019images p\u00e9dophile. Toutes autres images photographiques de dessins ou de reproductions d\u2019oeuvre d\u2019art seront r\u00e9alis\u00e9es avec soin.<br \/>\n4.3  R\u00e9serves Nous ne sommes pas tenus de r\u00e9aliser une commande si le(s) ficher(s) d\u2019image ne sont pas de qualit\u00e9s suffisantes ou que les exigences du client ne sont pas r\u00e9alisables par nos services.<br \/>\n4.4 Confirmation Apr\u00e8s avoir pass\u00e9 votre commande, nous vous adressons un e-mail vous confirmant celle-ci. Du temps pr\u00e9vu pour sa r\u00e9alisation, puis nous vous informons de l&rsquo;envoi de vos articles.<br \/>\n4.5  Garanties Une derni\u00e8re v\u00e9rification est assur\u00e9e par deux personnes avant emballage.<br \/>\n4.6  Emballage Envelopp\u00e9 ou enroul\u00e9 dans du papier de soie ou de la mousse PE et du plastique \u00e0 bulle.<br \/>\n4.7 Conditionnement  Sous enveloppe cartonn\u00e9e rigide renforc\u00e9 jusqu&rsquo;au 30&#215;45 cm puis tube postal pour les tirages. Les tirages contrecoll\u00e9s et\/ou encadr\u00e9s sont prot\u00e9g\u00e9s sous film plastique \u00e0 bulle.<\/p>\n<h4>Vos demandes particuli\u00e8res<\/h4>\n<p>Toute demande particuli\u00e8re sortant du cadre de r\u00e9alisation propos\u00e9 sur le site b\u00e9n\u00e9ficiera d&rsquo;une \u00e9tude personnalis\u00e9e et fera l&rsquo;objet d&rsquo;un travail tout aussi soign\u00e9. N&rsquo;h\u00e9sitez pas \u00e0 demander un devis par mail.<br \/>\nVous avez n\u00e9anmoins la possibilit\u00e9 de modifier votre commande jusqu&rsquo;\u00e0 la date de pr\u00e9paration de vos articles.<br \/>\nToutes demandes de mise \u00e0 disposition de fichier num\u00e9rique d&rsquo;une ou plusieurs images retouch\u00e9es par nos soins ne pourront \u00eatre accept\u00e9es.<\/p>\n<h4>Nos exigences techniques<\/h4>\n<p>Nous mettons tout en \u0153uvre pour vous faciliter la vie, mais certains points sont tout de m\u00eame \u00e0 pr\u00e9ciser : \u00e0 la prise de vue, il est conseill\u00e9 de r\u00e9aliser vos images en adoptant l&rsquo;espace colorim\u00e9trique adobe-RVB propos\u00e9 par l&rsquo;appareil, mais c&rsquo;est un simple conseil. Nous respecterons, quoi qu&rsquo;il en soit le profil que vous avez choisi, pendant le traitement de vos images, merci de ne pas faire de correction de nettet\u00e9 et d\u2019interpolation! Ces corrections seront r\u00e9alis\u00e9es par nos soins juste avant l&rsquo;impression. Dans le cas contraire, merci de le pr\u00e9ciser en commentaire au moment de la commande, avant l&rsquo;envoi de vos images, veillez bien \u00e0 enregistrer votre travail en TIFF (surtout dans le cadre d&rsquo;un travail d&rsquo;art) ou en RAW ou en JPEG non compress\u00e9. V\u00e9rifiez le poids et les dimensions de vos fichiers avant envoi.<br \/>\nIl vous faut savoir \u00e9galement que votre image doit avoir une r\u00e9solution, comprise entre 300 et 150 ppp (dpi) lorsque vous entrez en largeur\/longueur et hauteur vos dimensions, il vous faudra donc d\u00e9cocher l&rsquo;option r\u00e9-\u00e9chantillonnage. En cas de doute, laissez votre document tel quel apr\u00e8s travail pour l&rsquo;envoi ou contactez le responsable : jeanda@borgeaud.net<br \/>\nSi vous suivez ces quelques recommandations, vous n&rsquo;aurez pas de mauvaises surprises, car notre cha\u00eene num\u00e9rique est parfaitement calibr\u00e9e et contr\u00f4l\u00e9e. Par contre, si vous ne souhaitez pas du tout travailler votre image, nous pouvons tr\u00e8s bien le faire, mais uniquement \u00e0 partir du fichier RAW. Des frais de traitement vous seront alors demand\u00e9s.<\/p>\n<h4>Bon \u00e0 tirer BAT<\/h4>\n<p> <strong>Epreuvage<\/strong> T\u00e9l\u00e9charger le profit ICC du papier sur notre site pour visualiser le r\u00e9sultat pr\u00e9visible du tirage.<br \/>\nUn <strong>BAT<\/strong> imprim\u00e9 12&#215;18 cm vous sera adress\u00e9 sur demande, au prix forfaitaire ou gratuit, indiqu\u00e9 sur le site. Sachez que la parfaite calibration de notre cha\u00eene num\u00e9rique , dans la plupart des cas, n&rsquo;entra\u00eene aucune mauvaise surprise.<br \/>\nSans demande de <strong>BAT<\/strong>, nous ne sommes par responsable d\u2019une d\u00e9convenue lors de la comparaison du tirage effectu\u00e9 avec vos originaux sur votre informatique. Peu d\u2019\u00e9crans respectent les couleurs et la lumi\u00e8re ambiante influence la perception. Seul un \u00e9cran graphique calibr\u00e9 sous certaines conditions peut restituer correctement les images. Proc\u00e9der \u00e0 des traitements de colorim\u00e9tries sur un \u00e9cran quelconque non calibr\u00e9 vous expose \u00e0 des surprises lors de l\u2019impression. <\/p>\n<p><strong>Merci de prendre connaissance de l&rsquo;ensemble des conditions g\u00e9n\u00e9rales de vente au format pdf.<\/strong> <a href=\"http:\/\/www.tempsdepause.ch\/images\/Conditions_generales_de_vente.pdf\"><img decoding=\"async\" src=\"https:\/\/www.tempsdepause.ch\/services\/wp-content\/uploads\/2013\/06\/pdf-icon-md-150x150.png\" alt=\"conditions g\u00e9n\u00e9rales\" width=\"50\" height=\"50\" class=\"alignright size-thumbnail wp-image-1796\" \/>Conditions generales de vente<\/a><\/p>\n","protected":false},"excerpt":{"rendered":"<p>R\u00e9sum\u00e9 des conditions g\u00e9n\u00e9rales de vente. Contrat de vente 4.1 Conditions pour effectuer une commande. Vous d\u00e9clarez \u00eatre \u00e2g\u00e9 d&rsquo;au moins 18 ans et avoir la capacit\u00e9 juridique ou \u00eatre titulaire d&rsquo;une autorisation parentale vous permettant d&rsquo;effectuer une commande sur le Site. 4.2 Obligations Nous refusons uniquement l\u2019impression d\u2019images p\u00e9dophile. Toutes autres images photographiques de &#8230;<\/p>\n","protected":false},"author":1,"featured_media":0,"parent":3891,"menu_order":0,"comment_status":"open","ping_status":"open","template":"","meta":{"footnotes":""},"class_list":["post-4088","page","type-page","status-publish","hentry"],"aioseo_notices":[],"_links":{"self":[{"href":"https:\/\/www.tempsdepause.ch\/services\/wp-json\/wp\/v2\/pages\/4088","targetHints":{"allow":["GET"]}}],"collection":[{"href":"https:\/\/www.tempsdepause.ch\/services\/wp-json\/wp\/v2\/pages"}],"about":[{"href":"https:\/\/www.tempsdepause.ch\/services\/wp-json\/wp\/v2\/types\/page"}],"author":[{"embeddable":true,"href":"https:\/\/www.tempsdepause.ch\/services\/wp-json\/wp\/v2\/users\/1"}],"replies":[{"embeddable":true,"href":"https:\/\/www.tempsdepause.ch\/services\/wp-json\/wp\/v2\/comments?post=4088"}],"version-history":[{"count":0,"href":"https:\/\/www.tempsdepause.ch\/services\/wp-json\/wp\/v2\/pages\/4088\/revisions"}],"up":[{"embeddable":true,"href":"https:\/\/www.tempsdepause.ch\/services\/wp-json\/wp\/v2\/pages\/3891"}],"wp:attachment":[{"href":"https:\/\/www.tempsdepause.ch\/services\/wp-json\/wp\/v2\/media?parent=4088"}],"curies":[{"name":"wp","href":"https:\/\/api.w.org\/{rel}","templated":true}]}}

Conditions générales de vente

<h3>Résumé des conditions générales de vente.</h3>
<h4>Contrat de vente</h4>
<p>4.1 Conditions pour effectuer une commande. Vous déclarez être âgé d&rsquo;au moins 18 ans et avoir la capacité juridique ou être titulaire d&rsquo;une autorisation parentale vous permettant d&rsquo;effectuer une commande sur le Site.<br />
4.2 Obligations Nous refusons uniquement l’impression d’images pédophile. Toutes autres images photographiques de dessins ou de reproductions d’oeuvre d’art seront réalisées avec soin.<br />
4.3  Réserves Nous ne sommes pas tenus de réaliser une commande si le(s) ficher(s) d’image ne sont pas de qualités suffisantes ou que les exigences du client ne sont pas réalisables par nos services.<br />
4.4 Confirmation Après avoir passé votre commande, nous vous adressons un e-mail vous confirmant celle-ci. Du temps prévu pour sa réalisation, puis nous vous informons de l&rsquo;envoi de vos articles.<br />
4.5  Garanties Une dernière vérification est assurée par deux personnes avant emballage.<br />
4.6  Emballage Enveloppé ou enroulé dans du papier de soie ou de la mousse PE et du plastique à bulle.<br />
4.7 Conditionnement  Sous enveloppe cartonnée rigide renforcé jusqu&rsquo;au 30&#215;45 cm puis tube postal pour les tirages. Les tirages contrecollés et/ou encadrés sont protégés sous film plastique à bulle.</p>
<h4>Vos demandes particulières</h4>
<p>Toute demande particulière sortant du cadre de réalisation proposé sur le site bénéficiera d&rsquo;une étude personnalisée et fera l&rsquo;objet d&rsquo;un travail tout aussi soigné. N&rsquo;hésitez pas à demander un devis par mail.<br />
Vous avez néanmoins la possibilité de modifier votre commande jusqu&rsquo;à la date de préparation de vos articles.<br />
Toutes demandes de mise à disposition de fichier numérique d&rsquo;une ou plusieurs images retouchées par nos soins ne pourront être acceptées.</p>
<h4>Nos exigences techniques</h4>
<p>Nous mettons tout en œuvre pour vous faciliter la vie, mais certains points sont tout de même à préciser : à la prise de vue, il est conseillé de réaliser vos images en adoptant l&rsquo;espace colorimétrique adobe-RVB proposé par l&rsquo;appareil, mais c&rsquo;est un simple conseil. Nous respecterons, quoi qu&rsquo;il en soit le profil que vous avez choisi, pendant le traitement de vos images, merci de ne pas faire de correction de netteté et d’interpolation! Ces corrections seront réalisées par nos soins juste avant l&rsquo;impression. Dans le cas contraire, merci de le préciser en commentaire au moment de la commande, avant l&rsquo;envoi de vos images, veillez bien à enregistrer votre travail en TIFF (surtout dans le cadre d&rsquo;un travail d&rsquo;art) ou en RAW ou en JPEG non compressé. Vérifiez le poids et les dimensions de vos fichiers avant envoi.<br />
Il vous faut savoir également que votre image doit avoir une résolution, comprise entre 300 et 150 ppp (dpi) lorsque vous entrez en largeur/longueur et hauteur vos dimensions, il vous faudra donc décocher l&rsquo;option ré-échantillonnage. En cas de doute, laissez votre document tel quel après travail pour l&rsquo;envoi ou contactez le responsable : jeanda@borgeaud.net<br />
Si vous suivez ces quelques recommandations, vous n&rsquo;aurez pas de mauvaises surprises, car notre chaîne numérique est parfaitement calibrée et contrôlée. Par contre, si vous ne souhaitez pas du tout travailler votre image, nous pouvons très bien le faire, mais uniquement à partir du fichier RAW. Des frais de traitement vous seront alors demandés.</p>
<h4>Bon à tirer BAT</h4>
<p> <strong>Epreuvage</strong> Télécharger le profit ICC du papier sur notre site pour visualiser le résultat prévisible du tirage.<br />
Un <strong>BAT</strong> imprimé 12&#215;18 cm vous sera adressé sur demande, au prix forfaitaire ou gratuit, indiqué sur le site. Sachez que la parfaite calibration de notre chaîne numérique , dans la plupart des cas, n&rsquo;entraîne aucune mauvaise surprise.<br />
Sans demande de <strong>BAT</strong>, nous ne sommes par responsable d’une déconvenue lors de la comparaison du tirage effectué avec vos originaux sur votre informatique. Peu d’écrans respectent les couleurs et la lumière ambiante influence la perception. Seul un écran graphique calibré sous certaines conditions peut restituer correctement les images. Procéder à des traitements de colorimétries sur un écran quelconque non calibré vous expose à des surprises lors de l’impression. </p>
<p><strong>Merci de prendre connaissance de l&rsquo;ensemble des conditions générales de vente au format pdf.</strong> <a href="http://www.tempsdepause.ch/images/Conditions_generales_de_vente.pdf"><img decoding="async" src="https://www.tempsdepause.ch/services/wp-content/uploads/2013/06/pdf-icon-md-150x150.png" alt="conditions générales" width="50" height="50" class="alignright size-thumbnail wp-image-1796" />Conditions generales de vente</a></p>

<p>Résumé des conditions générales de vente. Contrat de vente 4.1 Conditions pour effectuer une commande. Vous déclarez être âgé d&rsquo;au moins 18 ans et avoir la capacité juridique ou être titulaire d&rsquo;une autorisation parentale vous permettant d&rsquo;effectuer une commande sur le Site. 4.2 Obligations Nous refusons uniquement l’impression d’images pédophile. Toutes autres images photographiques de &#8230;</p>
