{"id":3891,"date":"2013-10-31T13:46:21","date_gmt":"2013-10-31T12:46:21","guid":{"rendered":"http:\/\/www.tempsdepause.ch\/services\/?page_id=3891"},"modified":"2019-10-03T16:16:13","modified_gmt":"2019-10-03T14:16:13","slug":"atelier-tirage-art-et-developpement-numerique","status":"publish","type":"page","link":"https:\/\/www.tempsdepause.ch\/services\/services\/atelier-tirage-art-et-developpement-numerique\/","title":{"rendered":"Atelier Tirage FineArt &#038; d\u00e9veloppement num\u00e9rique"},"content":{"rendered":"<h3>\u00a0<\/h3>\n<h3>Imprimante, encres et papiers<\/h3>\n<p style=\"text-align: justify;\"> Mon atelier est \u00e9quip\u00e9 d\u2019un serveur Apple et d\u2019une chaine graphique enti\u00e8rement et r\u00e9guli\u00e8rement calibr\u00e9e avec les valeurs suivantes: gamme 2.2, luminosit\u00e9 100 cd\/m2 et point blanc \u00e0 5500K avec un \u00e9cran Eizo Graphique CG275W disposant de sa propre sonde de calibrage. Je dispose d\u2019un scanner Epson Perfection V600 Photo et d\u2019une imprimante grand format Epson Stylus Pro 7900. Les profiles ICC de l\u2019imprimante sont contr\u00f4l\u00e9s pour chaque papier avec mon spectrom\u00e8tre i1 Photo Pro 2 de X-Rite.<\/p>\n<p>\u00a0<img decoding=\"async\" class=\"aligncenter size-full wp-image-3895\" src=\"https:\/\/www.tempsdepause.ch\/services\/wp-content\/uploads\/2013\/10\/Epson-7900-Large.png\" alt=\"Epson-7900-Large\" width=\"550\" height=\"380\" \/><\/p>\n<p style=\"text-align: justify;\">\u00a0Les imprimantes Epson sont ce qui ce fait de mieux depuis plusieurs ann\u00e9e dans le domaine du tirage photographique d\u2019art noir et blanc ou couleur et de la reproduction d\u2019art.\u00a0Associ\u00e9es aux 11 encres Epson UltraChrome HDR, et \u00e0 une r\u00e9solution d\u2019impression de 1440 ou 2880 ppp suivant le papier, elles permettent des tirages absolument saisissants.\u00a0L\u2019espace colorim\u00e9trique est tr\u00e8s large et la finesse des d\u00e9tails impressionnante.<\/p>\n<p style=\"text-align: justify;\">\u00a0J\u2019ai choisi les meilleurs papiers Beaux-Arts de Hahnem\u00fchle offrant des tirages magnifiques. Les tirages sortant de mon atelier sont garantis en long\u00e9vit\u00e9 par les fabricants de 50 \u00e0 200 ans suivant les conditions de stockage.<\/p>\n<p style=\"text-align: justify;\">\u00a0La n\u00e9cessit\u00e9 pour moi de g\u00e9rer mes images jusqu\u2019au tirage me permet de vous offrir la qualit\u00e9 optimale, le respect des couleurs et ma touche personnelle empreinte de ma sensibilit\u00e9. Je peux sans contrainte choisir le papier qui va le mieux \u00e0 une image et faire tous les tests souhait\u00e9s. En plus il m\u2019est possible d\u2019offrir \u00e0 mes clients une garantie d&rsquo;authenticit\u00e9.<\/p>\n<p>&nbsp;<\/p>\n<h3>Qualit\u00e9 \u00e0 un prix raisonnable.<\/h3>\n<p style=\"text-align: justify;\">Car pour bien fonctionner une telle installation doit produire r\u00e9guli\u00e8rement. J\u2019ai calcul\u00e9 le prix de reviens au prix co\u00fbtant de l\u2019encre \u00e0 0.373 CHF\/ml\u00a0 et du papier en rouleau de 61cm x 12m entre 180 et 280 CHF pour les papiers BeauxArts Hahnem\u00fcle, du taux d\u2019encrage \u00e0 42% ou 66% et de la r\u00e9solution 1440 ou 2880 ppp. Je ne tiens pas compte de l\u2019amortissement et des frais fixes de l\u2019atelier. Seul le temps pass\u00e9 sur chaque image est ajout\u00e9. Car chaque image est contr\u00f4l\u00e9e \u00e0 l\u2019\u00e9cran et une l\u00e9g\u00e8re correction est appliqu\u00e9e si n\u00e9cessaire avant impression. Au cas o\u00f9 l\u2019image ne correspond pas, je vous contacte pour trouver une solution avec vous. Apr\u00e8s s\u00e9chage le tirage est v\u00e9rifi\u00e9 dans les d\u00e9tails et emball\u00e9 avec le plus grand soin.<\/p>\n<p>&nbsp;<\/p>\n<h3>Mettez la main \u00e0 la p\u00e2te !<\/h3>\n<p style=\"text-align: justify;\">Un stage formation aux tirages num\u00e9riques vous est propos\u00e9 au prix de 60 CHF. Vous venez avec vos photographies, on les traite ensemble et vous repartez avec vos tirages.<\/p>\n<p>&nbsp;<\/p>\n<h3>Exp\u00e9ditions<\/h3>\n<p style=\"text-align: justify;\">Chaque tirage est soigneusement v\u00e9rifi\u00e9 et emball\u00e9. Les tirages sont envoy\u00e9s roul\u00e9s dans un tube par la poste suisse. Les tirages contrecoll\u00e9s et encadr\u00e9s sont livr\u00e9s personnellement ou vous passez les prendre \u00e0 l\u2019atelier.<\/p>\n<p style=\"text-align: justify;\">Jusqu&rsquo;\u00e0 5kg, les images peuvent \u00eatre envoy\u00e9es en Europe en tant que documents et ne n\u00e9cessite pas de taxe de d\u00e9douanement.<\/p>\n<p>&nbsp;<\/p>\n<h3>Prix<\/h3>\n<p style=\"text-align: justify;\">Mes prix sont en francs suisses.\u00a0<\/p>\n<a href=\"https:\/\/www.tempsdepause.ch\/services\/services\/atelier-tirage-beau-art-encadrement\/\" target=\"_parent\" class=\"theme_button small primary no_woo_button alignright\"><span style=\"color:rgba(95,73,73,1);\">Encadrement<\/span><\/a>\n","protected":false},"excerpt":{"rendered":"<p>\u00a0 Imprimante, encres et papiers Mon atelier est \u00e9quip\u00e9 d\u2019un serveur Apple et d\u2019une chaine graphique enti\u00e8rement et r\u00e9guli\u00e8rement calibr\u00e9e avec les valeurs suivantes: gamme 2.2, luminosit\u00e9 100 cd\/m2 et point blanc \u00e0 5500K avec un \u00e9cran Eizo Graphique CG275W disposant de sa propre sonde de calibrage. Je dispose d\u2019un scanner Epson Perfection V600 Photo &#8230;<\/p>\n","protected":false},"author":1,"featured_media":0,"parent":106,"menu_order":0,"comment_status":"open","ping_status":"open","template":"template_rightsidebar.php","meta":{"footnotes":""},"class_list":["post-3891","page","type-page","status-publish","hentry"],"aioseo_notices":[],"_links":{"self":[{"href":"https:\/\/www.tempsdepause.ch\/services\/wp-json\/wp\/v2\/pages\/3891","targetHints":{"allow":["GET"]}}],"collection":[{"href":"https:\/\/www.tempsdepause.ch\/services\/wp-json\/wp\/v2\/pages"}],"about":[{"href":"https:\/\/www.tempsdepause.ch\/services\/wp-json\/wp\/v2\/types\/page"}],"author":[{"embeddable":true,"href":"https:\/\/www.tempsdepause.ch\/services\/wp-json\/wp\/v2\/users\/1"}],"replies":[{"embeddable":true,"href":"https:\/\/www.tempsdepause.ch\/services\/wp-json\/wp\/v2\/comments?post=3891"}],"version-history":[{"count":1,"href":"https:\/\/www.tempsdepause.ch\/services\/wp-json\/wp\/v2\/pages\/3891\/revisions"}],"predecessor-version":[{"id":6638,"href":"https:\/\/www.tempsdepause.ch\/services\/wp-json\/wp\/v2\/pages\/3891\/revisions\/6638"}],"up":[{"embeddable":true,"href":"https:\/\/www.tempsdepause.ch\/services\/wp-json\/wp\/v2\/pages\/106"}],"wp:attachment":[{"href":"https:\/\/www.tempsdepause.ch\/services\/wp-json\/wp\/v2\/media?parent=3891"}],"curies":[{"name":"wp","href":"https:\/\/api.w.org\/{rel}","templated":true}]}}