{"id":3773,"date":"2013-10-01T16:47:33","date_gmt":"2013-10-01T14:47:33","guid":{"rendered":"http:\/\/www.tempsdepause.ch\/services\/?page_id=3773"},"modified":"2013-10-01T19:17:28","modified_gmt":"2013-10-01T17:17:28","slug":"techniquement-parlant","status":"publish","type":"page","link":"https:\/\/www.tempsdepause.ch\/services\/services\/stages-formations\/techniquement-parlant\/","title":{"rendered":"Techniquement parlant"},"content":{"rendered":"<p><img decoding=\"async\" class=\"alignnone size-full wp-image-3731\" alt=\"logo_techniquement\" src=\"https:\/\/www.tempsdepause.ch\/services\/wp-content\/uploads\/2013\/10\/logo_techniquement.png\" width=\"860\" height=\"130\" srcset=\"https:\/\/www.tempsdepause.ch\/services\/wp-content\/uploads\/2013\/10\/logo_techniquement.png 860w, https:\/\/www.tempsdepause.ch\/services\/wp-content\/uploads\/2013\/10\/logo_techniquement-600x90.png 600w\" sizes=\"(max-width: 860px) 100vw, 860px\" \/><\/p>\n<h1 style=\"text-align: center;\">parlant<\/h1>\n<p style=\"text-align: justify;\"><div class=\"dropcap4 gray\"><p class=\"dropcap4_inner\">L<\/p><\/div>e c\u00e9l\u00e8bre photographe et cin\u00e9aste Valaisan Ren\u00e9 Pierre Bille a r\u00e9alis\u00e9 ses premiers gros plans de marmottes avec un bout de ficelle comme d\u00e9clencheur. Aujourd\u2019hui, je pilote ma cam\u00e9ra avec un iPhone. Nous avons techniquement plus aucune retenue \u00e0 r\u00e9aliser n\u2019importe qu\u2019elle image. Moi, je suis friand de solutions techniques et exp\u00e9riences pratiques. Et vous ? <\/p>\n<p style=\"text-align: justify;\">  Mon premier article est consacr\u00e9 aux meilleurs supports d\u2019appareils photo du monde de la marque californienne Really Right Stuff.&nbsp;  <\/p>\n<p style=\"text-align: justify;\">\n<p>Merci de votre visite<\/p>\n<p>Jean Daniel<\/p>\n<p><img decoding=\"async\" src=\"https:\/\/www.tempsdepause.ch\/services\/wp-content\/uploads\/2013\/10\/JeanDa2011061203566.jpg\" alt=\"Renard\" width=\"505\" height=\"760\" class=\"frameImg alignleft size-full wp-image-3779\" srcset=\"https:\/\/www.tempsdepause.ch\/services\/wp-content\/uploads\/2013\/10\/JeanDa2011061203566.jpg 505w, https:\/\/www.tempsdepause.ch\/services\/wp-content\/uploads\/2013\/10\/JeanDa2011061203566-398x600.jpg 398w\" sizes=\"(max-width: 505px) 100vw, 505px\" \/><\/p>\n","protected":false},"excerpt":{"rendered":"<p>parlant e c\u00e9l\u00e8bre photographe et cin\u00e9aste Valaisan Ren\u00e9 Pierre Bille a r\u00e9alis\u00e9 ses premiers gros plans de marmottes avec un bout de ficelle comme d\u00e9clencheur. Aujourd\u2019hui, je pilote ma cam\u00e9ra avec un iPhone. Nous avons techniquement plus aucune retenue \u00e0 r\u00e9aliser n\u2019importe qu\u2019elle image. Moi, je suis friand de solutions techniques et exp\u00e9riences pratiques. Et &#8230;<\/p>\n","protected":false},"author":1,"featured_media":0,"parent":110,"menu_order":0,"comment_status":"open","ping_status":"closed","template":"template_rightsidebar.php","meta":{"footnotes":""},"class_list":["post-3773","page","type-page","status-publish","hentry"],"aioseo_notices":[],"_links":{"self":[{"href":"https:\/\/www.tempsdepause.ch\/services\/wp-json\/wp\/v2\/pages\/3773","targetHints":{"allow":["GET"]}}],"collection":[{"href":"https:\/\/www.tempsdepause.ch\/services\/wp-json\/wp\/v2\/pages"}],"about":[{"href":"https:\/\/www.tempsdepause.ch\/services\/wp-json\/wp\/v2\/types\/page"}],"author":[{"embeddable":true,"href":"https:\/\/www.tempsdepause.ch\/services\/wp-json\/wp\/v2\/users\/1"}],"replies":[{"embeddable":true,"href":"https:\/\/www.tempsdepause.ch\/services\/wp-json\/wp\/v2\/comments?post=3773"}],"version-history":[{"count":0,"href":"https:\/\/www.tempsdepause.ch\/services\/wp-json\/wp\/v2\/pages\/3773\/revisions"}],"up":[{"embeddable":true,"href":"https:\/\/www.tempsdepause.ch\/services\/wp-json\/wp\/v2\/pages\/110"}],"wp:attachment":[{"href":"https:\/\/www.tempsdepause.ch\/services\/wp-json\/wp\/v2\/media?parent=3773"}],"curies":[{"name":"wp","href":"https:\/\/api.w.org\/{rel}","templated":true}]}}