{"id":3078,"date":"2013-09-10T17:57:27","date_gmt":"2013-09-10T15:57:27","guid":{"rendered":"http:\/\/www.tempsdepause.ch\/services\/?page_id=3078"},"modified":"2014-12-31T21:33:54","modified_gmt":"2014-12-31T20:33:54","slug":"la-preparation-des-images","status":"publish","type":"page","link":"https:\/\/www.tempsdepause.ch\/services\/services\/stages-formations\/la-preparation-des-images\/","title":{"rendered":"La pr\u00e9paration des Images"},"content":{"rendered":"<h1>La pr\u00e9paration des Images<\/h1>\n<div class=\"divider_line\"><\/div>\n<p>&nbsp;<\/p>\n<p style=\"text-align: justify;\"> R\u00e9volu le temps du Kodachrome avec le plaisir de recevoir nos clich\u00e9s quelques jours plus tard d\u00e9velopp\u00e9s. Le seul traitement possible \u00e9tait de jeter ou garder pour la majorit\u00e9 des photographes.<\/p>\n<p>Les photographes du pixel ont le bonheur d\u2019avoir acc\u00e8s au laboratoire num\u00e9rique sans risque chimique et sans connaissance professionnelle de base requise.&nbsp; L\u2019apprentissage du labo num\u00e9rique est devenu empirique. A force d\u2019observation, de comparaison, de d\u00e9convenue, nous arriverons \u00e0 maitriser quelque peu ce domaine technique de la photographie. Mais sans des connaissances de base indispensables, nos t\u00e2tonnements sont hasardeux.&nbsp; <\/p>\n<p>&nbsp;<\/p>\n<p>&nbsp;<\/p>\n<p><img decoding=\"async\" src=\"https:\/\/www.tempsdepause.ch\/services\/wp-content\/uploads\/2013\/09\/JeanDa2012071602013.jpg\" alt=\"JeanDa2012071602013\" width=\"399\" height=\"600\" class=\"frameImg alignleft size-full wp-image-3272\" \/><\/p>\n<p>&nbsp;<\/p>\n<a href=\"https:\/\/www.tempsdepause.ch\/services\/services\/stages-formations\/la-preparation-des-images\/format-dimage-et-compression\" style=\"background-color:transparent\" class=\"theme_button small white no_woo_button alignright\"><span style=\"color:gray;\">Page suivante<\/span><\/a>\n","protected":false},"excerpt":{"rendered":"<p>La pr\u00e9paration des Images &nbsp; R\u00e9volu le temps du Kodachrome avec le plaisir de recevoir nos clich\u00e9s quelques jours plus tard d\u00e9velopp\u00e9s. Le seul traitement possible \u00e9tait de jeter ou garder pour la majorit\u00e9 des photographes. Les photographes du pixel ont le bonheur d\u2019avoir acc\u00e8s au laboratoire num\u00e9rique sans risque chimique et sans connaissance professionnelle &#8230;<\/p>\n","protected":false},"author":1,"featured_media":0,"parent":110,"menu_order":0,"comment_status":"open","ping_status":"open","template":"template_rightsidebar.php","meta":{"footnotes":""},"class_list":["post-3078","page","type-page","status-publish","hentry"],"aioseo_notices":[],"_links":{"self":[{"href":"https:\/\/www.tempsdepause.ch\/services\/wp-json\/wp\/v2\/pages\/3078","targetHints":{"allow":["GET"]}}],"collection":[{"href":"https:\/\/www.tempsdepause.ch\/services\/wp-json\/wp\/v2\/pages"}],"about":[{"href":"https:\/\/www.tempsdepause.ch\/services\/wp-json\/wp\/v2\/types\/page"}],"author":[{"embeddable":true,"href":"https:\/\/www.tempsdepause.ch\/services\/wp-json\/wp\/v2\/users\/1"}],"replies":[{"embeddable":true,"href":"https:\/\/www.tempsdepause.ch\/services\/wp-json\/wp\/v2\/comments?post=3078"}],"version-history":[{"count":0,"href":"https:\/\/www.tempsdepause.ch\/services\/wp-json\/wp\/v2\/pages\/3078\/revisions"}],"up":[{"embeddable":true,"href":"https:\/\/www.tempsdepause.ch\/services\/wp-json\/wp\/v2\/pages\/110"}],"wp:attachment":[{"href":"https:\/\/www.tempsdepause.ch\/services\/wp-json\/wp\/v2\/media?parent=3078"}],"curies":[{"name":"wp","href":"https:\/\/api.w.org\/{rel}","templated":true}]}}