{"id":2844,"date":"2013-09-06T13:07:27","date_gmt":"2013-09-06T11:07:27","guid":{"rendered":"http:\/\/www.tempsdepause.ch\/services\/?page_id=2844"},"modified":"2015-01-19T18:10:30","modified_gmt":"2015-01-19T17:10:30","slug":"couleur-et-contraste","status":"publish","type":"page","link":"https:\/\/www.tempsdepause.ch\/services\/services\/stages-formations\/couleur\/couleur-et-contraste\/","title":{"rendered":"Couleur et contraste"},"content":{"rendered":"<div class=\"one_third\"><img decoding=\"async\" class=\"aligncenter size-full wp-image-2846\" alt=\"etoile\" src=\"https:\/\/www.tempsdepause.ch\/services\/wp-content\/uploads\/2013\/09\/etoile.png\" width=\"200\" height=\"169\" \/><\/div><div class=\"two_third last\"><h4>Le contraste n&rsquo;est pas qu&rsquo;une affaire d&rsquo;exposition et de gamme tonale.<br \/> Il affecte l&rsquo;intensit\u00e9 des couleurs, et dans les Images tr\u00e8s contrast\u00e9es il faut pr\u00e9server les couleurs.<\/h4><\/div><div class=\"clearboth\"><\/div>\n<h3>Contraste des couleurs<\/h3>\n<p style=\"text-align: justify;\">Le contraste dans une photographie en noir et blanc, c&rsquo;est simplement la diff\u00e9rence entre les parties les plus claires et les plus sombres d&rsquo;une sc\u00e8ne. Mais, en photographie en couleur, bien qu&rsquo;ombres et lumi\u00e8res demeurent importantes, les relations entre les couleurs et leurs variations d&rsquo;intensit\u00e9 constituent de nouveaux \u00e9l\u00e9ments de composition. Des contrastes hardis de teintes, pourvu qu&rsquo;ils soient \u00e9quilibr\u00e9s, donnent des effets spectaculaires, m\u00eame sans ombres ni lumi\u00e8res.<br \/>\nLes couleurs contrastant le plus sont oppos\u00e9es dans la roue des couleurs. Bien que les primaires, rouge, verte et bleue, soient nettement d\u00e9limit\u00e9es, des contrastes encore plus saisissants sont obtenus entre rouge et cyan, vert et magenta, et bleu et jaune. L&rsquo;effet de ces combinaisons a une base psychologique, les longueurs d&rsquo;onde des diff\u00e9rentes couleurs ne se focalisant pas au m\u00eame moment au fond de l&rsquo;\u0153il. La distance focale est plus grande pour les rouges et les jaunes que pour les bleus et les verts. Quand nous regardons ces couleurs m\u00e9lang\u00e9es, l&rsquo;\u0153il effectue des mises au point constantes pour compenser les diff\u00e9rences de longueur d&rsquo;onde.<br \/>\nDe grandes surfaces de couleurs contrast\u00e9es, luttant les unes contre les autres sur une image, lui donnent un double int\u00e9r\u00eat sans cesse renouvel\u00e9, et tendent \u00e0 \u00e9craser l&rsquo;espace, cr\u00e9ant ainsi un dessin pur. Par ailleurs, une petite touche de couleur vive est accentu\u00e9e si elle est plac\u00e9e \u00e0 c\u00f4t\u00e9 d&rsquo;une teinte contrastante, et c&rsquo;est un ph\u00e9nom\u00e8ne \u00e0 exploiter. Il est toutefois important de se souvenir que, lorsqu\u2019ombres et lumi\u00e8res entrent en jeu, la zone fortement \u00e9clair\u00e9e peut donner des contrastes si forts que votre cam\u00e9ra ne pourra les rendre. Et les couleurs risquent d&rsquo;\u00eatre alt\u00e9r\u00e9es. Pour \u00e9viter cela, il faudra prendre des dispositions sp\u00e9ciales. <\/p>\n<h3>L&rsquo;exposition est une affaire de couleurs<\/h3>\n<p style=\"text-align: justify;\">Trop courte, elle donnera des couleurs sombres et sales, trop longue, elle les d\u00e9lavera. On pense souvent que la couleur est une affaire de teinte et de saturation, et que la luminosit\u00e9 est \u00e0 part, mais c&rsquo;est faux, en photographie comme dans la nature, la couleur est d\u00e9finie par les trois param\u00e8tres, et la saturation et la luminosit\u00e9 d\u00e9pendent de l\u2019exposition. La couleur d\u00e9pend donc de la gamme de contraste,<br \/> Un contraste fort a toujours \u00e9t\u00e9 un probl\u00e8me en photographie, parce que la gamme dynamique des mati\u00e8res (pellicule, capteur ou papier) est tr\u00e8s \u00e9loign\u00e9e de la sensibilit\u00e9 de l&rsquo;\u0153il aux couleurs, de plus, les capteurs num\u00e9riques ont une r\u00e9action lin\u00e9aire \u00e0 la lumi\u00e8re. Les photosites se remplissent chacun en proportion de la lumi\u00e8re qui les atteint. C&rsquo;est-\u00e0-dire qu&rsquo;ils sont vite surexpos\u00e9s.<br \/> Mais il existe des solutions. Pourvu que les pixels aient captur\u00e9 une certaine valeur (un peu au-dessus de 0 et un peu en dessous de 255), on peut r\u00e9cup\u00e9rer ces valeurs et les enrichir. Le conseil traditionnel pour la pellicule convient aussi au num\u00e9rique, r\u00e9glez l&rsquo;exposition en fonction des couleurs vives, et ne vous occupez pas des ombres. Cela fonctionne jusqu&rsquo;\u00e0 un certain point, SI les zones d&rsquo;ombre sont restreintes ou peuvent \u00eatre noir uniforme. Sinon, il y a deux techniques utiles pour restaurer les valeurs de couleur sur une gamme de luminosit\u00e9 \u00e9tendue. L&rsquo;une est d&rsquo;utiliser le mode raw, qui vous donne une latitude d&rsquo;exposition de 4 IL en postproduction. L&rsquo;autre est le bracketing enregistrer au moins deux versions de la m\u00eame Image avec diff\u00e9rentes expositions afin de capturer les d\u00e9tails des accents de lumi\u00e8re dans l&rsquo;une et les d\u00e9tails sombres dans l&rsquo;autre. Pour cette seconde technique, l&rsquo;appareil et le sujet doivent rester immobiles entre les prises de vue.<br \/> Avec une Image raw, l&rsquo;optimisation des couleurs est plus efficace qu&rsquo;avec un format TIFF ou JPEG normal \u00e0 8 bits. On peut m\u00eame l&rsquo;utiliser pour cr\u00e9er deux versions de la m\u00eame Image (l&rsquo;une avec une exposition minimale, et l&rsquo;autre maximale) qui serviront \u00e0 corriger les tons.<br \/> Quelle que soit la fa\u00e7on dont vous avez obtenu les Images, l&rsquo;\u00e9tape suivante est de les m\u00e9langer afin de combiner les d\u00e9tails des ombres et des accents de lumi\u00e8re.<\/p>\n<p><img decoding=\"async\" class=\"frameImg aligncenter size-full wp-image-2849\" alt=\"Niv\u008eole\" src=\"https:\/\/www.tempsdepause.ch\/services\/wp-content\/uploads\/2013\/09\/JeanDa2013030900501.jpg\" width=\"760\" height=\"505\" srcset=\"https:\/\/www.tempsdepause.ch\/services\/wp-content\/uploads\/2013\/09\/JeanDa2013030900501.jpg 760w, https:\/\/www.tempsdepause.ch\/services\/wp-content\/uploads\/2013\/09\/JeanDa2013030900501-600x398.jpg 600w\" sizes=\"(max-width: 760px) 100vw, 760px\" \/><\/p>\n<h4 style=\"text-align: center;\">Niv\u00e9ole<\/h4>\n<p style=\"text-align: justify;\">Cette image douce est pourtant assez contrast\u00e9e pour faire ressortir les goutes d&rsquo;eau qui lui donne un air de lutin. Le contraste un peu accentu\u00e9, permet \u00e9galement de faire disparaitre le voile gris\u00e2tre pr\u00e9sent sur une image sans lumi\u00e8re directe.<\/p>\n<div class=\"one_half\"><h4 style=\"text-align: center;\">Bergerie<\/h4>\n<p style=\"text-align: justify;\"> Sous un soleil de plomb, le contraste est trop \u00e9lev\u00e9 et m\u00eame inappropri\u00e9 \u00e0 la prise de vue. Mais il permet de renforcer et embellir souvent les constructions. En ville ou ici dans le Val d\u2019Anniviers pour cette bergerie c\u2019est une lumi\u00e8re directe et vive que j\u2019appr\u00e9cie. Avec un b\u00e9mol majeur sur cette photographie, l\u2019ombre projet\u00e9e donne d\u2019un c\u00f4t\u00e9 des lignes graphiques int\u00e9ressantes, mais h\u00e9las, la porte de m\u00e9l\u00e8ze rouge passe inaper\u00e7ue. <\/p>\n<h4> Deux couleurs ensemble r\u00e9agiront \u00e0 la pr\u00e9sence l\u2019une de l\u2019autre. Il s\u2019agit en d\u00e9finitive, d\u2019une question de contraste. <\/h4><\/div><div class=\"one_half last\"><img decoding=\"async\" src=\"https:\/\/www.tempsdepause.ch\/services\/wp-content\/uploads\/2013\/09\/JeanDa2010072708916.jpg\" alt=\"JeanDa2010072708916\" width=\"398\" height=\"600\" class=\"frameImg alignright size-full wp-image-2852\" \/><\/div><div class=\"clearboth\"><\/div>\n<a href=\"https:\/\/www.tempsdepause.ch\/services\/services\/stages-formations\/couleur\/noir\" style=\"background-color:transparent\" class=\"theme_button small white no_woo_button alignlift\"><span style=\"color:gray;\">Page pr\u00e9c\u00e9dente<\/span><\/a> <a href=\"https:\/\/www.tempsdepause.ch\/services\/services\/stages-formations\/couleur\/relations-entre-les-couleurs\" style=\"background-color:transparent\" class=\"theme_button small white no_woo_button alignright\"><span style=\"color:gray;\">Page suivante<\/span><\/a>\n","protected":false},"excerpt":{"rendered":"<p>Contraste des couleurs Le contraste dans une photographie en noir et blanc, c&rsquo;est simplement la diff\u00e9rence entre les parties les plus claires et les plus sombres d&rsquo;une sc\u00e8ne. Mais, en photographie en couleur, bien qu&rsquo;ombres et lumi\u00e8res demeurent importantes, les relations entre les couleurs et leurs variations d&rsquo;intensit\u00e9 constituent de nouveaux \u00e9l\u00e9ments de composition. Des &#8230;<\/p>\n","protected":false},"author":1,"featured_media":0,"parent":2533,"menu_order":0,"comment_status":"open","ping_status":"open","template":"","meta":{"footnotes":""},"class_list":["post-2844","page","type-page","status-publish","hentry"],"aioseo_notices":[],"_links":{"self":[{"href":"https:\/\/www.tempsdepause.ch\/services\/wp-json\/wp\/v2\/pages\/2844","targetHints":{"allow":["GET"]}}],"collection":[{"href":"https:\/\/www.tempsdepause.ch\/services\/wp-json\/wp\/v2\/pages"}],"about":[{"href":"https:\/\/www.tempsdepause.ch\/services\/wp-json\/wp\/v2\/types\/page"}],"author":[{"embeddable":true,"href":"https:\/\/www.tempsdepause.ch\/services\/wp-json\/wp\/v2\/users\/1"}],"replies":[{"embeddable":true,"href":"https:\/\/www.tempsdepause.ch\/services\/wp-json\/wp\/v2\/comments?post=2844"}],"version-history":[{"count":0,"href":"https:\/\/www.tempsdepause.ch\/services\/wp-json\/wp\/v2\/pages\/2844\/revisions"}],"up":[{"embeddable":true,"href":"https:\/\/www.tempsdepause.ch\/services\/wp-json\/wp\/v2\/pages\/2533"}],"wp:attachment":[{"href":"https:\/\/www.tempsdepause.ch\/services\/wp-json\/wp\/v2\/media?parent=2844"}],"curies":[{"name":"wp","href":"https:\/\/api.w.org\/{rel}","templated":true}]}}