{"id":2594,"date":"2013-08-23T18:21:30","date_gmt":"2013-08-23T16:21:30","guid":{"rendered":"http:\/\/www.tempsdepause.ch\/services\/?page_id=2594"},"modified":"2015-01-19T18:14:03","modified_gmt":"2015-01-19T17:14:03","slug":"lequilibre-des-couleurs","status":"publish","type":"page","link":"https:\/\/www.tempsdepause.ch\/services\/services\/stages-formations\/couleur\/lequilibre-des-couleurs\/","title":{"rendered":"L&rsquo;\u00e9quilibre des couleurs"},"content":{"rendered":"<p><img decoding=\"async\" class=\"aligncenter size-full wp-image-2595\" alt=\"ColorTempWP\" src=\"https:\/\/www.tempsdepause.ch\/services\/wp-content\/uploads\/2013\/08\/ColorTempWP.jpg\" width=\"960\" height=\"108\" srcset=\"https:\/\/www.tempsdepause.ch\/services\/wp-content\/uploads\/2013\/08\/ColorTempWP.jpg 1000w, https:\/\/www.tempsdepause.ch\/services\/wp-content\/uploads\/2013\/08\/ColorTempWP-600x67.jpg 600w\" sizes=\"(max-width: 960px) 100vw, 960px\" \/><\/p>\n<p>&nbsp;<\/p>\n<h1>L&rsquo;\u00e9quilibre des couleurs<\/h1>\n<p>&nbsp;<\/p>\n<p style=\"text-align: justify;\">La lumi\u00e8re visible prend naissance \u00e0 la p\u00e9riph\u00e9rie d\u2019atomes qui ont \u00e9t\u00e9 chauff\u00e9s. Chaque atome est compos\u00e9 d\u2019un nuage d\u2019\u00e9lectrons en orbite autour d\u2019un noyau. Quand un mat\u00e9riau est chauff\u00e9, ses atomes vibrent plus rapidement et se heurtent plus violemment; des \u00e9lectrons absorbent de l\u2019\u00e9nergie thermique et passent sur une orbite haute. Par la suite, ils perdent l\u2019\u00e9nergie absorb\u00e9e et retombent sur une orbite plus basse prenant les places vacantes. Cette perte d\u2019\u00e9nergie produit des radiations \u00e9lectromagn\u00e9tiques. <br \/>La quantit\u00e9 d\u2019\u00e9nergie perdue par un \u00e9lectron lors de ses changements d\u2019orbite \u00e9tant variable selon les cas, il en va de m\u00eame pour la couleur des radiations \u00e9mises. A une forte production d\u2019\u00e9nergie correspond par exemple une lumi\u00e8re bleue ou ultraviolette; \u00e0 une production plus faible, une lumi\u00e8re rouge ou infrarouge.<\/p>\n<h3>La couleur d&rsquo;un blanc s&rsquo;exprime par sa temp\u00e9rature<\/h3>\n<p><img decoding=\"async\" src=\"https:\/\/www.tempsdepause.ch\/services\/wp-content\/uploads\/2013\/08\/ColorTemperatureWP.png\" alt=\"ColorTemperatureWP\" width=\"400\" height=\"168\" class=\"alignright size-full wp-image-2685\" \/><\/p>\n<p style=\"text-align: justify;\">Ce qui est important pour le photographe, c\u2019est que la proportion des diff\u00e9rentes couleurs de la lumi\u00e8re visible varie selon les sources lumineuses. Cette proportion se d\u00e9finit en temp\u00e9rature de couleur exprim\u00e9e en Kelvins (K), unit\u00e9 scientifique de mesure des temp\u00e9ratures. 0\u00b0c celsius \u00e9quivaut \u00e0 273 K.<\/p>\n<p style=\"text-align: justify;\">Quand le fer est chauff\u00e9 \u00e0 1000K, \u00e0 cette temp\u00e9rature, il \u00e9met des radiation dont la plus grande partie est constitu\u00e9e d\u2019infrarouge. A 3000K il continuera \u00e0 \u00e9mettre des radiations de toutes natures, mais une partie importante se pr\u00e9sentera sous la forme de lumi\u00e8re visible permettant de voir un rougeoiement. Quand le fer est chauff\u00e9 \u00e0 6000K, \u00e0 peu pr\u00e8s la temp\u00e9rature \u00e0 la surface du soleil, la plus grande partie du rayonnement se situe \u00e0 l\u2019int\u00e9rieur du spectre visible et le bleu-vert domine. Le m\u00e9tal chauff\u00e9 \u00e0 blanc apparait d\u2019un blanc incandescent.<\/p>\n<p style=\"text-align: justify;\">En raison de l&rsquo;absorption et de la dispersion dans l&rsquo;atmosph\u00e8re, le spectre solaire \u00e0 la surface de la terre est quelque peu modifi\u00e9e en fonction du moment de la journ\u00e9e et les conditions m\u00e9t\u00e9orologiques.<\/p>\n<p style=\"text-align: justify;\">Nos yeux s&rsquo;adaptent facilement non seulement aux diff\u00e9rents niveaux d&rsquo;\u00e9clairage, mais aussi aux diff\u00e9rentes teintes dans la couleur de la lumi\u00e8re. Un objet non lumineux, comme un morceau de papier, est objectivement accept\u00e9 d&rsquo;\u00eatre une feuille blanche si elle refl\u00e8te \u00e0 peu pr\u00e8s toutes les couleurs visibles ce qui signifie qu&rsquo;il prend l&rsquo;apparence couleur de l&rsquo;\u00e9clairage ambiant. Pareil avec la neige que notre vision assimile automatiquement \u00e0 la couleur blanche. Pourtant dans l\u2019ombre, la neige est aussi bleu que le ciel qu\u2019elle refl\u00e8te.<\/p>\n<p><img decoding=\"async\" src=\"https:\/\/www.tempsdepause.ch\/services\/wp-content\/uploads\/2013\/08\/JeanDa200901100037.jpg\" alt=\"JeanDa200901100037\" width=\"600\" height=\"397\" class=\"frameImg aligncenter size-full wp-image-2601\" \/><\/p>\n<p style=\"text-align: justify;\">La balance des blancs automatique d\u2019une cam\u00e9ra n\u2019est pas aussi performante que notre cerveau pour \u00e9quilibrer les couleurs. Le photographe devra intervenir selon son interpr\u00e9tation personnel. Dans certain cas, surtout en paysage, il conservera la dominance pour sa beaut\u00e9. Dans d\u2019autres il tentera \u00e0 respecter au plus juste la couleur d\u2019une fleur.<\/p>\n<p style=\"text-align: justify;\">\u00a0<\/p>\n<div class=\"one_half\"><img decoding=\"async\" src=\"https:\/\/www.tempsdepause.ch\/services\/wp-content\/uploads\/2013\/08\/JeanDa200901130089o.jpg\" alt=\"JeanDa200901130089o\" width=\"397\" height=\"600\" class=\"frameImg aligncenter size-full wp-image-2604\" \/><\/div><div class=\"one_half last\"><img decoding=\"async\" src=\"https:\/\/www.tempsdepause.ch\/services\/wp-content\/uploads\/2013\/08\/JeanDa200901130089.jpg\" alt=\"JeanDa200901130089\" width=\"397\" height=\"600\" class=\"frameImg aligncenter size-full wp-image-2603\" \/><\/div><div class=\"clearboth\"><\/div>\n<div class=\"one_half\">Balance des blancs automatique<br \/>\nL\u2019appareil conserve la dominance bleue de la lumi\u00e8re sur la neige et \u00e9quilibre l\u2019exposition en respectant les hautes lumi\u00e8res.<\/div><div class=\"one_half last\">Correction selon le ressenti du photographe; soit, la neige \u00e9tait proche du blanc, le halo du soleil \u00e9tait orang\u00e9 et le ciel bleu ciel.<br \/>\nLe souvenir exact de la sc\u00e8ne n\u2019est pas la facult\u00e9 la plus d\u00e9velopp\u00e9e de l\u2019humain.<\/div><div class=\"clearboth\"><\/div>\n<div class=\"one_third\"><img decoding=\"async\" src=\"https:\/\/www.tempsdepause.ch\/services\/wp-content\/uploads\/2013\/08\/JeanDa200902270027s.jpg\" alt=\"JeanDa200902270027s\" width=\"150\" height=\"99\" class=\"frameImg alignleft size-full wp-image-2612\" \/><br \/>\nLa dominance bleue n\u2019est pas souhait\u00e9e sur la fourrure de ce loup. Deux solutions: prendre un \u00e9chantillon de neige pour d\u00e9finir le point blanc ou indiquer une temp\u00e9rature de couleur \u00e0 8000K soit lumi\u00e8re du jour ombrag\u00e9.<\/div><div class=\"two_third last\"><img decoding=\"async\" src=\"https:\/\/www.tempsdepause.ch\/services\/wp-content\/uploads\/2013\/08\/JeanDa200902270027.jpg\" alt=\"JeanDa200902270027\" width=\"600\" height=\"397\" class=\"frameImg aligncenter size-full wp-image-2611\" \/><\/div><div class=\"clearboth\"><\/div>\n<p style=\"text-align: justify;\">Dans la plupart des cas, nous n\u2019avons pas une zone de r\u00e9f\u00e9rence au blanc, comme la neige ou un mur de b\u00e9ton. Comment faire ? Soit une correction approximative de la temp\u00e9rature des couleurs, soit l\u2019utilisation de carte de r\u00e9f\u00e9rence grise que nous pla\u00e7ons dans la sc\u00e8ne.<\/p>\n<p><img decoding=\"async\" src=\"https:\/\/www.tempsdepause.ch\/services\/wp-content\/uploads\/2013\/08\/JeanDa200804050165.jpg\" alt=\"An\u00e9mone pulsatile\" width=\"760\" height=\"504\" class=\"frameImg aligncenter size-full wp-image-2614\" srcset=\"https:\/\/www.tempsdepause.ch\/services\/wp-content\/uploads\/2013\/08\/JeanDa200804050165.jpg 760w, https:\/\/www.tempsdepause.ch\/services\/wp-content\/uploads\/2013\/08\/JeanDa200804050165-600x397.jpg 600w\" sizes=\"(max-width: 760px) 100vw, 760px\" \/><br \/>\nAn\u00e9mone pulsatile <\/p>\n<p style=\"text-align: justify;\">Pour restituer la couleur la plus juste, je prends une image avec une carte grise. Puis je calque la balance des blancs sur cette carte soit dans la cam\u00e9ra soit le plus souvent au post-traitement. Apr\u00e8s je reporte cette correction sur les autres images prises sous la m\u00eame lumi\u00e8re. Bien s\u00fbr, seul l\u2019enregistrement en RAW permet un vrai \u00e9quilibrage des couleurs.<\/p>\n<div class=\"one_third\"><img decoding=\"async\" src=\"https:\/\/www.tempsdepause.ch\/services\/wp-content\/uploads\/2013\/08\/colorchecker.jpg\" alt=\"colorchecker\" width=\"300\" height=\"302\" class=\"aligncenter size-full wp-image-2617\" srcset=\"https:\/\/www.tempsdepause.ch\/services\/wp-content\/uploads\/2013\/08\/colorchecker-150x150.jpg 150w, https:\/\/www.tempsdepause.ch\/services\/wp-content\/uploads\/2013\/08\/colorchecker-90x90.jpg 90w\" sizes=\"(max-width: 300px) 100vw, 300px\" \/><\/div><div class=\"one_third\"><p style=\"text-align: justify;\">Le fait de disposer d&rsquo;une balance des blancs pr\u00e9cise d\u00e8s le d\u00e9part est critique dans tout flux photographique. Elle garantit que les couleurs que vous capturez sont fid\u00e8les et fournit un point de r\u00e9f\u00e9rence pour les retouches ult\u00e9rieures.<br \/>\nLa charte ColorChecker White Balance est une charte plate sur le plan spectral, ce qui signifie qu&rsquo;elle fournit un point de r\u00e9f\u00e9rence neutre \u00e0 travers les diff\u00e9rents types de conditions d&rsquo;\u00e9clairage que vous rencontrez lors d&rsquo;une s\u00e9ance photo. \u00c9tant donn\u00e9 que la charte r\u00e9fl\u00e9chit la lumi\u00e8re de mani\u00e8re \u00e9gale \u00e0 travers le spectre visible, la cr\u00e9ation d&rsquo;une balance des blancs personnalis\u00e9e dans votre appareil photo peut correctement compenser l&rsquo;\u00e9clairage.<\/p><\/div><div class=\"one_third last\"><a href=\"http:\/\/xritephoto.com\/ph_product_overview.aspx?id=1257&#038;catid=28&#038;action=overview\" title=\"ColorChecker Passport \" target=\"_blank\"><br \/>\n<img decoding=\"async\" src=\"https:\/\/www.tempsdepause.ch\/services\/wp-content\/uploads\/2013\/08\/xritephoto.gif\" alt=\"xritephoto\" width=\"165\" height=\"55\" class=\"aligncenter size-full wp-image-2621\" \/><\/a><br \/>\n<a href=\"http:\/\/www.eyrolles.com\/Audiovisuel\/Livre\/la-gestion-des-couleurs-pour-les-photographes-9782212121391\"><img decoding=\"async\" src=\"https:\/\/www.tempsdepause.ch\/services\/wp-content\/uploads\/2013\/08\/Delmas.gif\" alt=\"Delmas\" width=\"136\" height=\"180\" class=\"aligncenter size-full wp-image-2620\" \/><\/a><br \/>\nR\u00e9f.: La photographie en couleur de John Hedgecoe ed.1979<br \/><\/div><div class=\"clearboth\"><\/div>\n<a href=\"https:\/\/www.tempsdepause.ch\/services\/services\/stages-formations\/couleur\/diagramme-de-chromaticite\" style=\"background-color:transparent\" class=\"theme_button small white no_woo_button alignlift\"><span style=\"color:gray;\">Page pr\u00e9c\u00e9dente<\/span><\/a> <a href=\"https:\/\/www.tempsdepause.ch\/services\/services\/stages-formations\/couleur\/espaces-colorimetries\" style=\"background-color:transparent\" class=\"theme_button small white no_woo_button alignright\"><span style=\"color:gray;\">Page suivante<\/span><\/a>\n","protected":false},"excerpt":{"rendered":"<p>&nbsp; L&rsquo;\u00e9quilibre des couleurs &nbsp; La lumi\u00e8re visible prend naissance \u00e0 la p\u00e9riph\u00e9rie d\u2019atomes qui ont \u00e9t\u00e9 chauff\u00e9s. Chaque atome est compos\u00e9 d\u2019un nuage d\u2019\u00e9lectrons en orbite autour d\u2019un noyau. Quand un mat\u00e9riau est chauff\u00e9, ses atomes vibrent plus rapidement et se heurtent plus violemment; des \u00e9lectrons absorbent de l\u2019\u00e9nergie thermique et passent sur une &#8230;<\/p>\n","protected":false},"author":1,"featured_media":0,"parent":2533,"menu_order":0,"comment_status":"open","ping_status":"open","template":"","meta":{"footnotes":""},"class_list":["post-2594","page","type-page","status-publish","hentry"],"aioseo_notices":[],"_links":{"self":[{"href":"https:\/\/www.tempsdepause.ch\/services\/wp-json\/wp\/v2\/pages\/2594","targetHints":{"allow":["GET"]}}],"collection":[{"href":"https:\/\/www.tempsdepause.ch\/services\/wp-json\/wp\/v2\/pages"}],"about":[{"href":"https:\/\/www.tempsdepause.ch\/services\/wp-json\/wp\/v2\/types\/page"}],"author":[{"embeddable":true,"href":"https:\/\/www.tempsdepause.ch\/services\/wp-json\/wp\/v2\/users\/1"}],"replies":[{"embeddable":true,"href":"https:\/\/www.tempsdepause.ch\/services\/wp-json\/wp\/v2\/comments?post=2594"}],"version-history":[{"count":0,"href":"https:\/\/www.tempsdepause.ch\/services\/wp-json\/wp\/v2\/pages\/2594\/revisions"}],"up":[{"embeddable":true,"href":"https:\/\/www.tempsdepause.ch\/services\/wp-json\/wp\/v2\/pages\/2533"}],"wp:attachment":[{"href":"https:\/\/www.tempsdepause.ch\/services\/wp-json\/wp\/v2\/media?parent=2594"}],"curies":[{"name":"wp","href":"https:\/\/api.w.org\/{rel}","templated":true}]}}