{"id":2533,"date":"2013-08-21T21:49:14","date_gmt":"2013-08-21T19:49:14","guid":{"rendered":"http:\/\/www.tempsdepause.ch\/services\/?page_id=2533"},"modified":"2015-01-19T17:55:40","modified_gmt":"2015-01-19T16:55:40","slug":"couleur","status":"publish","type":"page","link":"https:\/\/www.tempsdepause.ch\/services\/services\/stages-formations\/couleur\/","title":{"rendered":"La couleur"},"content":{"rendered":"<h1>Qu\u2019est-ce que la couleur ?<\/h1>\n<p style=\"text-align: justify;\">Le photographe cherche \u00e0 maitriser la couleur. Cela revient souvent \u00e0 enregistrer aussi exactement que possible les teintes d\u2019une sc\u00e8ne donn\u00e9e. D\u2019autre fois cela consiste \u00e0 obtenir le ton qui \u00e9voque le mieux le climat que l\u2019on souhaite cr\u00e9er. La couleur est aussi fugitive que la lumi\u00e8re: pour s\u2019en rendre maitre, il faut apprendre \u00e0 l\u2019observer subtilement et \u00e0 exploiter la trace qu\u2019elle a laiss\u00e9e sur la photographie. Pour bien la comprendre, il faut savoir qu\u2019elle n\u2019est pas seulement une propri\u00e9t\u00e9 des objets, mais aussi de la lumi\u00e8re qui la frappe.<\/p>\n<p style=\"text-align: justify;\">Le photographe qui assiste au jeu des couleurs dans le monde qui l\u2019entoure se rend compte de leur infinie vari\u00e9t\u00e9. Le vocabulaire que nous employons pour les d\u00e9crire va rarement au-del\u00e0 de \u00able ciel est bleu, l\u2019herbe est verte\u00bb, et la nomenclature qui figure sur la boite de peinture d\u2019un enfant nous laisse en g\u00e9n\u00e9ral perplexes. Combien de personnes peuvent-elles faire la diff\u00e9rence entre \u00abterre de Sienne\u00bb et \u00abocre\u00bb, \u00abjaune de chrome\u00bb et \u00absafran\u00bb, \u00abcobalt\u00bb et \u00abindigo\u00bb et attribuer \u00e0 chaque teinte le nom qui lui revient ? Et pourtant le r\u00e9pertoire le plus complet ne mentionne que quelques-unes des milliers de couleurs que l\u2019oeil humain est capable de distinguer. Et l\u2019on d\u00e9couvre tr\u00e8s vite \u00e0 quel point elles sont affect\u00e9es par l\u2019oeil et le cerveau, de sorte qu\u2019il est tr\u00e8s difficile de dire si deux teintes sont semblables ou diverses quand elles sont plac\u00e9es \u00e0 c\u00f4t\u00e9 d\u2019autres couleurs.<\/p>\n<p><img decoding=\"async\" src=\"https:\/\/www.tempsdepause.ch\/services\/wp-content\/uploads\/2013\/08\/JeanDa2013042401483.png\" alt=\"JeanDa2013042401483\" width=\"600\" height=\"398\" class=\"frameImg aligncenter size-full wp-image-2562\" \/><\/p>\n<p style=\"text-align: justify;\">Il y a d\u2019\u00e9normes diff\u00e9rences dans la mani\u00e8re dont l\u2019oeil et le l\u2019appareil photo r\u00e9agissent aux couleurs, et il faut les connaitre. Il faut aussi savoir comment on ajoute ou on les retranche les unes des autres dans les techniques de reproduction des couleurs en projection ou en impression. en maitrisant la chaine graphique num\u00e9rique. Les pages qui suivent traitent de ces probl\u00e8mes, du processus de la perception, et \u00e9galement des r\u00e9actions plus subtiles de l\u2019esprit des couleurs.\u00a0<\/p>\n<p style=\"text-align: justify;\">Pour r\u00e9pondre \u00e0 cette question essentielle. \u00abQu\u2019est-ce que la couleur ?\u00bb, il faut parler d&rsquo;abords de la nature de le la lumi\u00e8re puisque nous voyons les couleurs telles qu\u2019elles sont gr\u00e2ce \u00e0 la lumi\u00e8re qu\u2019elle vienne du soleil, d\u2019un flash ou d\u2019\u00e9clairages artificiels. L\u2019arc-en-ciel, en d\u00e9composant la lumi\u00e8re solaire, que nous voyons normalement blanche, prouve qu\u2019elle est en r\u00e9alit\u00e9 faite de couleurs m\u00e9lang\u00e9es. Les pommes sont rouge et les jonquilles jaunes parce ce qu\u2019elles absorbe certaines couleurs et en r\u00e9fl\u00e9chissent d\u2019autres; notre monde color\u00e9 est fait de ces milliers de combinaisons de teintes.<\/p>\n<p><img decoding=\"async\" src=\"https:\/\/www.tempsdepause.ch\/services\/wp-content\/uploads\/2013\/08\/JeanDa2010051704226.png\" alt=\"JeanDa2010051704226\" width=\"600\" height=\"399\" class=\"frameImg aligncenter size-full wp-image-2550\" \/><\/p>\n<p style=\"text-align: justify;\"> L\u2019une des cl\u00e9s de la photographie num\u00e9rique est de trouver un \u00e9quilibre entre le choix et la perception de la couleur d\u2019une part, et le traitement d\u2019autre part.<br \/>\nLes approches de la recherche de la couleur ad\u00e9quate aux modifications arbitraires sont multiples. Elles peuvent \u00eatre appr\u00e9hend\u00e9es comme diff\u00e9rents degr\u00e9s  d\u2019intervention sur l\u2019image. Mais la manipulation chromatique ne devra en aucun cas supposer des changements radicaux. De l\u00e9g\u00e8res retouches donnent de meilleures r\u00e9sultats, m\u00eame si elles sont parfois plus difficiles \u00e0 r\u00e9aliser.<\/p>\n<a href=\"https:\/\/www.tempsdepause.ch\/services\/services\/stages-formations\/couleur\/perception-visuelle\/\" class=\"theme_button small white no_woo_button alignright\"><span>Page suivante<\/span><\/a>\n","protected":false},"excerpt":{"rendered":"<p>Qu\u2019est-ce que la couleur ? Le photographe cherche \u00e0 maitriser la couleur. Cela revient souvent \u00e0 enregistrer aussi exactement que possible les teintes d\u2019une sc\u00e8ne donn\u00e9e. D\u2019autre fois cela consiste \u00e0 obtenir le ton qui \u00e9voque le mieux le climat que l\u2019on souhaite cr\u00e9er. La couleur est aussi fugitive que la lumi\u00e8re: pour s\u2019en rendre &#8230;<\/p>\n","protected":false},"author":1,"featured_media":0,"parent":110,"menu_order":0,"comment_status":"open","ping_status":"open","template":"template_rightsidebar.php","meta":{"footnotes":""},"class_list":["post-2533","page","type-page","status-publish","hentry"],"aioseo_notices":[],"_links":{"self":[{"href":"https:\/\/www.tempsdepause.ch\/services\/wp-json\/wp\/v2\/pages\/2533","targetHints":{"allow":["GET"]}}],"collection":[{"href":"https:\/\/www.tempsdepause.ch\/services\/wp-json\/wp\/v2\/pages"}],"about":[{"href":"https:\/\/www.tempsdepause.ch\/services\/wp-json\/wp\/v2\/types\/page"}],"author":[{"embeddable":true,"href":"https:\/\/www.tempsdepause.ch\/services\/wp-json\/wp\/v2\/users\/1"}],"replies":[{"embeddable":true,"href":"https:\/\/www.tempsdepause.ch\/services\/wp-json\/wp\/v2\/comments?post=2533"}],"version-history":[{"count":0,"href":"https:\/\/www.tempsdepause.ch\/services\/wp-json\/wp\/v2\/pages\/2533\/revisions"}],"up":[{"embeddable":true,"href":"https:\/\/www.tempsdepause.ch\/services\/wp-json\/wp\/v2\/pages\/110"}],"wp:attachment":[{"href":"https:\/\/www.tempsdepause.ch\/services\/wp-json\/wp\/v2\/media?parent=2533"}],"curies":[{"name":"wp","href":"https:\/\/api.w.org\/{rel}","templated":true}]}}

<h1>Qu’est-ce que la couleur ?</h1>
<p style="text-align: justify;">Le photographe cherche à maitriser la couleur. Cela revient souvent à enregistrer aussi exactement que possible les teintes d’une scène donnée. D’autre fois cela consiste à obtenir le ton qui évoque le mieux le climat que l’on souhaite créer. La couleur est aussi fugitive que la lumière: pour s’en rendre maitre, il faut apprendre à l’observer subtilement et à exploiter la trace qu’elle a laissée sur la photographie. Pour bien la comprendre, il faut savoir qu’elle n’est pas seulement une propriété des objets, mais aussi de la lumière qui la frappe.</p>
<p style="text-align: justify;">Le photographe qui assiste au jeu des couleurs dans le monde qui l’entoure se rend compte de leur infinie variété. Le vocabulaire que nous employons pour les décrire va rarement au-delà de «le ciel est bleu, l’herbe est verte», et la nomenclature qui figure sur la boite de peinture d’un enfant nous laisse en général perplexes. Combien de personnes peuvent-elles faire la différence entre «terre de Sienne» et «ocre», «jaune de chrome» et «safran», «cobalt» et «indigo» et attribuer à chaque teinte le nom qui lui revient ? Et pourtant le répertoire le plus complet ne mentionne que quelques-unes des milliers de couleurs que l’oeil humain est capable de distinguer. Et l’on découvre très vite à quel point elles sont affectées par l’oeil et le cerveau, de sorte qu’il est très difficile de dire si deux teintes sont semblables ou diverses quand elles sont placées à côté d’autres couleurs.</p>
<p><img decoding="async" src="https://www.tempsdepause.ch/services/wp-content/uploads/2013/08/JeanDa2013042401483.png" alt="JeanDa2013042401483" width="600" height="398" class="frameImg aligncenter size-full wp-image-2562" /></p>
<p style="text-align: justify;">Il y a d’énormes différences dans la manière dont l’oeil et le l’appareil photo réagissent aux couleurs, et il faut les connaitre. Il faut aussi savoir comment on ajoute ou on les retranche les unes des autres dans les techniques de reproduction des couleurs en projection ou en impression. en maitrisant la chaine graphique numérique. Les pages qui suivent traitent de ces problèmes, du processus de la perception, et également des réactions plus subtiles de l’esprit des couleurs. </p>
<p style="text-align: justify;">Pour répondre à cette question essentielle. «Qu’est-ce que la couleur ?», il faut parler d&rsquo;abords de la nature de le la lumière puisque nous voyons les couleurs telles qu’elles sont grâce à la lumière qu’elle vienne du soleil, d’un flash ou d’éclairages artificiels. L’arc-en-ciel, en décomposant la lumière solaire, que nous voyons normalement blanche, prouve qu’elle est en réalité faite de couleurs mélangées. Les pommes sont rouge et les jonquilles jaunes parce ce qu’elles absorbe certaines couleurs et en réfléchissent d’autres; notre monde coloré est fait de ces milliers de combinaisons de teintes.</p>
<p><img decoding="async" src="https://www.tempsdepause.ch/services/wp-content/uploads/2013/08/JeanDa2010051704226.png" alt="JeanDa2010051704226" width="600" height="399" class="frameImg aligncenter size-full wp-image-2550" /></p>
<p style="text-align: justify;"> L’une des clés de la photographie numérique est de trouver un équilibre entre le choix et la perception de la couleur d’une part, et le traitement d’autre part.<br />
Les approches de la recherche de la couleur adéquate aux modifications arbitraires sont multiples. Elles peuvent être appréhendées comme différents degrés  d’intervention sur l’image. Mais la manipulation chromatique ne devra en aucun cas supposer des changements radicaux. De légères retouches donnent de meilleures résultats, même si elles sont parfois plus difficiles à réaliser.</p>
<a href="https://www.tempsdepause.ch/services/services/stages-formations/couleur/perception-visuelle/" class="theme_button small white no_woo_button alignright"><span>Page suivante</span></a>

<p>Qu’est-ce que la couleur ? Le photographe cherche à maitriser la couleur. Cela revient souvent à enregistrer aussi exactement que possible les teintes d’une scène donnée. D’autre fois cela consiste à obtenir le ton qui évoque le mieux le climat que l’on souhaite créer. La couleur est aussi fugitive que la lumière: pour s’en rendre &#8230;</p>
