{"id":1259,"date":"2015-07-26T15:07:31","date_gmt":"2015-05-28T11:45:32","guid":{"rendered":"http:\/\/www.tempsdepause.ch\/folio\/?page_id=1259"},"modified":"2015-05-29T16:08:46","modified_gmt":"2015-05-29T16:08:46","slug":"oiseaux","status":"publish","type":"page","link":"https:\/\/www.tempsdepause.ch\/folio\/oiseaux\/","title":{"rendered":"Oiseaux"},"content":{"rendered":"<h2>Bird Oiseau Vogel<\/h2>\n<p>&nbsp;<br \/>\n\u00c7a vit d&rsquo;air pur et d&rsquo;eau fra\u00eeche, un oiseau<br \/>\nD&rsquo;un peu de chasse et de p\u00eache, un oiseau<br \/>\nMais jamais rien ne l&#8217;emp\u00eache, l&rsquo;oiseau, d&rsquo;aller plus haut<\/p>\n<p>&nbsp;<\/p>\n<div class=\"one_third gallery3 \"><img decoding=\"async\" class=\"one_third_img\" src=\"http:\/\/www.tempsdepause.ch\/folio\/wp-content\/uploads\/2015\/05\/JeanDa2010011300686-293x219.jpg\" alt=\"\" \/><\/p>\n<div class=\"mask\">\n<a href=\"http:\/\/www.tempsdepause.ch\/folio\/butor-etoile\/\"><\/p>\n<h5>Butor \u00e9toil\u00e9<\/h5>\n<p><span class=\"button\">Les images<\/span><\/a>\n<\/div>\n<\/div>\n<div class=\"one_third gallery3 \"><img decoding=\"async\" class=\"one_third_img\" src=\"http:\/\/www.tempsdepause.ch\/folio\/wp-content\/uploads\/2015\/05\/JeanDa20150506003673-293x219.jpg\" alt=\"\" \/><\/p>\n<div class=\"mask\">\n<a href=\"http:\/\/www.tempsdepause.ch\/folio\/chouette-de-tangmalm\/\"><\/p>\n<h5>Chouette de tangmalm<\/h5>\n<p><span class=\"button\">Les images<\/span><\/a>\n<\/div>\n<\/div>\n<div class=\"one_third gallery3 \"><img decoding=\"async\" class=\"one_third_img\" src=\"http:\/\/www.tempsdepause.ch\/folio\/wp-content\/uploads\/2015\/05\/JeanDa20150509004385-293x2191.jpg\" alt=\"\" \/><\/p>\n<div class=\"mask\">\n<a href=\"http:\/\/www.tempsdepause.ch\/folio\/combattant-varie\/\"><\/p>\n<h5>Combattant vari\u00e9<\/h5>\n<p><span class=\"button\">Les images<\/span><\/a>\n<\/div>\n<\/div>\n<div class=\"one_third gallery3 \"><img decoding=\"async\" class=\"one_third_img\" src=\"http:\/\/www.tempsdepause.ch\/folio\/wp-content\/uploads\/2015\/05\/JeanDa20150505003576-293x2191.jpg\" alt=\"\" \/><\/p>\n<div class=\"mask\">\n<a href=\"http:\/\/www.tempsdepause.ch\/folio\/cygne-chanteur\/\"><\/p>\n<h5>Cygne chanteur<\/h5>\n<p><span class=\"button\">Les images<\/span><\/a>\n<\/div>\n<\/div>\n<div class=\"one_third gallery3 \"><img decoding=\"async\" class=\"one_third_img\" src=\"http:\/\/www.tempsdepause.ch\/folio\/wp-content\/uploads\/2015\/05\/JeanDa2011053003171-293x219.jpg\" alt=\"\" \/><\/p>\n<div class=\"mask\">\n<a href=\"http:\/\/www.tempsdepause.ch\/folio\/foulque-macroule\/\"><\/p>\n<h5>Foulque macroule<\/h5>\n<p><span class=\"button\">Les images<\/span><\/a>\n<\/div>\n<\/div>\n<div class=\"one_third gallery3 \"><img decoding=\"async\" class=\"one_third_img\" src=\"http:\/\/www.tempsdepause.ch\/folio\/wp-content\/uploads\/2015\/05\/JeanDa2013061802936-293x219.jpg\" alt=\"\" \/><\/p>\n<div class=\"mask\">\n<a href=\"http:\/\/www.tempsdepause.ch\/folio\/grand-cormoran\/\"><\/p>\n<h5>Grand cormoran<\/h5>\n<p><span class=\"button\">Les images<\/span><\/a>\n<\/div>\n<\/div>\n<div class=\"one_third gallery3 \"><img decoding=\"async\" class=\"one_third_img\" src=\"http:\/\/www.tempsdepause.ch\/folio\/wp-content\/uploads\/2015\/05\/JeanDa200906170032-293x219.jpg \" alt=\"\" \/><\/p>\n<div class=\"mask\">\n<a href=\"http:\/\/www.tempsdepause.ch\/folio\/grebe-huppe\/\"><\/p>\n<h5>Gr\u00e8be hupp\u00e9<\/h5>\n<p><span class=\"button\">Les images<\/span><\/a>\n<\/div>\n<\/div>\n<div class=\"one_third gallery3 \"><img decoding=\"async\" class=\"one_third_img\" src=\"http:\/\/www.tempsdepause.ch\/folio\/wp-content\/uploads\/2015\/05\/JeanDa20150429001524-293x2191.jpg\" alt=\"\" \/><\/p>\n<div class=\"mask\">\n<a href=\"http:\/\/www.tempsdepause.ch\/folio\/grand-tetras\/\"><\/p>\n<h5>Grand t\u00e9tras<\/h5>\n<p><span class=\"button\">Les images<\/span><\/a>\n<\/div>\n<\/div>\n<div class=\"one_third gallery3 \"><img decoding=\"async\" class=\"one_third_img\" src=\"http:\/\/www.tempsdepause.ch\/folio\/wp-content\/uploads\/2015\/05\/JeanDa20150506003949-293x2191.jpg\" alt=\"\" \/><\/p>\n<div class=\"mask\">\n<a href=\"http:\/\/www.tempsdepause.ch\/folio\/grue-cendree\/\"><\/p>\n<h5>Grue cendr\u00e9e<\/h5>\n<p><span class=\"button\">Les images<\/span><\/a>\n<\/div>\n<\/div>\n<div class=\"one_third gallery3 \"><img decoding=\"async\" class=\"one_third_img\" src=\"http:\/\/www.tempsdepause.ch\/folio\/wp-content\/uploads\/2015\/05\/JeanDa2014060703637-293x2191.jpg\" alt=\"\" \/><\/p>\n<div class=\"mask\">\n<a href=\"http:\/\/www.tempsdepause.ch\/folio\/huitrier-pie-et-goeland-cendre\/\"><\/p>\n<h5>Huitrier pie<\/h5>\n<p><span class=\"button\">Les images<\/span><\/a>\n<\/div>\n<\/div>\n<div class=\"one_third gallery3 \"><img decoding=\"async\" class=\"one_third_img\" src=\"http:\/\/www.tempsdepause.ch\/folio\/wp-content\/uploads\/2015\/05\/JeanDa2014060503336-293x219.jpg\" alt=\"\" \/><\/p>\n<div class=\"mask\">\n<a href=\"http:\/\/www.tempsdepause.ch\/folio\/macareux-moine\/\"><\/p>\n<h5>Macareux moine<\/h5>\n<p><span class=\"button\">Les images<\/span><\/a>\n<\/div>\n<\/div>\n<div class=\"one_third gallery3 \"><img decoding=\"async\" class=\"one_third_img\" src=\"http:\/\/www.tempsdepause.ch\/folio\/wp-content\/uploads\/2015\/05\/JeanDa2011050502243-293x219.jpg\" alt=\"\"\/><\/p>\n<div class=\"mask\">\n<a href=\"http:\/\/www.tempsdepause.ch\/folio\/nette-rousse\/\"><\/p>\n<h5>Nette rousse<\/h5>\n<p><span class=\"button\">Les images<\/span><\/a>\n<\/div>\n<\/div>\n<div class=\"one_third gallery3 \"><img decoding=\"async\" class=\"one_third_img\" src=\"http:\/\/www.tempsdepause.ch\/folio\/wp-content\/uploads\/2015\/05\/JeanDa20150501003052-293x2191.jpg\" alt=\"\" \/><\/p>\n<div class=\"mask\">\n<a href=\"http:\/\/www.tempsdepause.ch\/folio\/tetras-lyre\/\"><\/p>\n<h5>T\u00e9tras lyre<\/h5>\n<p><span class=\"button\">Les images<\/span><\/a>\n<\/div>\n<\/div>\n","protected":false},"excerpt":{"rendered":"<p>Bird Oiseau Vogel &nbsp; \u00c7a vit d&rsquo;air pur et d&rsquo;eau fra\u00eeche, un oiseau D&rsquo;un peu de chasse et de p\u00eache, un oiseau Mais jamais rien ne l&#8217;emp\u00eache, l&rsquo;oiseau, d&rsquo;aller plus haut &nbsp; Butor \u00e9toil\u00e9 Les images Chouette de tangmalm Les images Combattant vari\u00e9 Les images Cygne chanteur Les images Foulque macroule Les images Grand cormoran Les images Gr\u00e8be hupp\u00e9 Les images Grand t\u00e9tras Les images Grue cendr\u00e9e Les images Huitrier pie Les images Macareux moine Les images Nette rousse Les [&hellip;]<\/p>\n","protected":false},"author":1,"featured_media":315,"parent":0,"menu_order":0,"comment_status":"closed","ping_status":"closed","template":"page_f.php","meta":{"footnotes":""},"class_list":["post-1259","page","type-page","status-publish","has-post-thumbnail","hentry"],"aioseo_notices":[],"_links":{"self":[{"href":"https:\/\/www.tempsdepause.ch\/folio\/wp-json\/wp\/v2\/pages\/1259","targetHints":{"allow":["GET"]}}],"collection":[{"href":"https:\/\/www.tempsdepause.ch\/folio\/wp-json\/wp\/v2\/pages"}],"about":[{"href":"https:\/\/www.tempsdepause.ch\/folio\/wp-json\/wp\/v2\/types\/page"}],"author":[{"embeddable":true,"href":"https:\/\/www.tempsdepause.ch\/folio\/wp-json\/wp\/v2\/users\/1"}],"replies":[{"embeddable":true,"href":"https:\/\/www.tempsdepause.ch\/folio\/wp-json\/wp\/v2\/comments?post=1259"}],"version-history":[{"count":0,"href":"https:\/\/www.tempsdepause.ch\/folio\/wp-json\/wp\/v2\/pages\/1259\/revisions"}],"wp:featuredmedia":[{"embeddable":true,"href":"https:\/\/www.tempsdepause.ch\/folio\/wp-json\/wp\/v2\/media\/315"}],"wp:attachment":[{"href":"https:\/\/www.tempsdepause.ch\/folio\/wp-json\/wp\/v2\/media?parent=1259"}],"curies":[{"name":"wp","href":"https:\/\/api.w.org\/{rel}","templated":true}]}}